CRAN Package Check Results for Package phyloTop

Last updated on 2016-12-28 23:47:27.

Flavor Version Tinstall Tcheck Ttotal Status Flags
r-devel-linux-x86_64-debian-clang 2.0.0 6.00 65.91 71.91 WARN
r-devel-linux-x86_64-debian-gcc 2.0.0 5.95 65.43 71.39 WARN
r-devel-linux-x86_64-fedora-clang 2.0.0 159.22 WARN --no-stop-on-test-error
r-devel-linux-x86_64-fedora-gcc 2.0.0 161.54 WARN --no-stop-on-test-error
r-devel-macos-x86_64-clang 2.0.0 119.07 WARN --no-stop-on-test-error
r-devel-windows-ix86+x86_64 2.0.0 14.00 179.00 193.00 WARN
r-patched-linux-x86_64 2.0.0 5.76 62.03 67.79 OK
r-patched-solaris-sparc 2.0.0 896.80 OK
r-patched-solaris-x86 2.0.0 193.50 OK
r-release-linux-x86_64 2.0.0 6.80 61.40 68.20 OK
r-release-osx-x86_64-mavericks 2.0.0 OK
r-release-windows-ix86+x86_64 2.0.0 22.00 108.00 130.00 OK
r-oldrel-windows-ix86+x86_64 2.0.0 18.00 111.00 129.00 OK

Check Details

Version: 2.0.0
Check: files in ‘vignettes’
Result: WARN
    Files in the 'vignettes' directory but no files in 'inst/doc':
     ‘figs/subtreeShowExample.png’
    Package has no Sweave vignette sources and no VignetteBuilder field.
Flavors: r-devel-linux-x86_64-debian-clang, r-devel-linux-x86_64-debian-gcc, r-devel-windows-ix86+x86_64

Version: 2.0.0
Flags: --no-stop-on-test-error
Check: files in ‘vignettes’
Result: WARN
    Files in the 'vignettes' directory but no files in 'inst/doc':
     ‘figs/subtreeShowExample.png’
    Package has no Sweave vignette sources and no VignetteBuilder field.
Flavors: r-devel-linux-x86_64-fedora-clang, r-devel-linux-x86_64-fedora-gcc, r-devel-macos-x86_64-clang