Last updated on 2016-12-28 23:47:28.
Flavor | Version | Tinstall | Tcheck | Ttotal | Status | Flags |
---|---|---|---|---|---|---|
r-devel-linux-x86_64-debian-clang | 0.2.1 | 1.10 | 55.33 | 56.43 | OK | |
r-devel-linux-x86_64-debian-gcc | 0.2.1 | 1.06 | 54.78 | 55.84 | OK | |
r-devel-linux-x86_64-fedora-clang | 0.2.1 | 39.11 | OK | --no-stop-on-test-error | ||
r-devel-linux-x86_64-fedora-gcc | 0.2.1 | 38.09 | OK | --no-stop-on-test-error | ||
r-devel-macos-x86_64-clang | 0.2.1 | 30.17 | OK | --no-stop-on-test-error | ||
r-devel-windows-ix86+x86_64 | 0.2.1 | 5.00 | 44.00 | 49.00 | OK | |
r-patched-linux-x86_64 | 0.2.1 | 0.95 | 50.02 | 50.98 | OK | |
r-patched-solaris-sparc | 0.2.1 | 184.60 | OK | |||
r-patched-solaris-x86 | 0.2.1 | 41.10 | ERROR | |||
r-release-linux-x86_64 | 0.2.1 | 0.97 | 51.04 | 52.00 | OK | |
r-release-osx-x86_64-mavericks | 0.2.1 | OK | ||||
r-release-windows-ix86+x86_64 | 0.2.1 | 4.00 | 36.00 | 40.00 | OK | |
r-oldrel-windows-ix86+x86_64 | 0.2.1 | 3.00 | 33.00 | 36.00 | OK |
Version: 0.2.1
Check: tests
Result: ERROR
Running ‘testthat.R’
Running the tests in ‘tests/testthat.R’ failed.
Last 13 lines of output:
'help.start()' for an HTML browser interface to help.
Type 'q()' to quit R.
> library(testthat)
> library(postGIStools)
Loading required package: sp
>
> test_check("postGIStools")
*** caught segfault ***
address c, cause 'memory not mapped'
Error in doWithOneRestart(return(expr), restart) :
promise already under evaluation: recursive default argument reference or earlier problems?
Flavor: r-patched-solaris-x86