Last updated on 2016-12-28 23:47:29.
Flavor | Version | Tinstall | Tcheck | Ttotal | Status | Flags |
---|---|---|---|---|---|---|
r-devel-linux-x86_64-debian-clang | 1.24.0 | 2.56 | 84.31 | 86.86 | OK | |
r-devel-linux-x86_64-debian-gcc | 1.24.0 | 2.50 | 82.46 | 84.97 | OK | |
r-devel-linux-x86_64-fedora-clang | 1.24.0 | 127.93 | OK | --no-stop-on-test-error | ||
r-devel-linux-x86_64-fedora-gcc | 1.24.0 | 124.75 | OK | --no-stop-on-test-error | ||
r-devel-macos-x86_64-clang | 1.24.0 | 111.47 | OK | --no-stop-on-test-error | ||
r-devel-windows-ix86+x86_64 | 1.24.0 | 10.00 | 110.00 | 120.00 | OK | |
r-patched-linux-x86_64 | 1.24.0 | 2.33 | 82.98 | 85.31 | OK | |
r-patched-solaris-sparc | 1.24.0 | 910.40 | OK | |||
r-patched-solaris-x86 | 1.24.0 | 160.00 | OK | |||
r-release-linux-x86_64 | 1.24.0 | 2.29 | 81.28 | 83.57 | OK | |
r-release-osx-x86_64-mavericks | 1.24.0 | WARN | ||||
r-release-windows-ix86+x86_64 | 1.24.0 | 10.00 | 119.00 | 129.00 | OK | |
r-oldrel-windows-ix86+x86_64 | 1.24.0 | 8.00 | 142.00 | 150.00 | OK |
Version: 1.24.0
Check: dependencies in R code
Result: NOTE
Invalid MIT-MAGIC-COOKIE-1 key
Flavor: r-release-osx-x86_64-mavericks
Version: 1.24.0
Check: S3 generic/method consistency
Result: WARN
Invalid MIT-MAGIC-COOKIE-1 key
See section ‘Generic functions and methods’ in the ‘Writing R
Extensions’ manual.
Flavor: r-release-osx-x86_64-mavericks
Version: 1.24.0
Check: replacement functions
Result: WARN
Invalid MIT-MAGIC-COOKIE-1 key
The argument of a replacement function which corresponds to the right
hand side must be named ‘value’.
Flavor: r-release-osx-x86_64-mavericks
Version: 1.24.0
Check: foreign function calls
Result: NOTE
Invalid MIT-MAGIC-COOKIE-1 key
See chapter ‘System and foreign language interfaces’ in the ‘Writing R
Extensions’ manual.
Flavor: r-release-osx-x86_64-mavericks
Version: 1.24.0
Check: R code for possible problems
Result: NOTE
Invalid MIT-MAGIC-COOKIE-1 key
Flavor: r-release-osx-x86_64-mavericks
Version: 1.24.0
Check: for missing documentation entries
Result: WARN
Invalid MIT-MAGIC-COOKIE-1 key
All user-level objects in a package should have documentation entries.
See chapter ‘Writing R documentation files’ in the ‘Writing R
Extensions’ manual.
Flavor: r-release-osx-x86_64-mavericks
Version: 1.24.0
Check: for code/documentation mismatches
Result: WARN
Invalid MIT-MAGIC-COOKIE-1 key
Invalid MIT-MAGIC-COOKIE-1 key
Invalid MIT-MAGIC-COOKIE-1 key
Flavor: r-release-osx-x86_64-mavericks
Version: 1.24.0
Check: Rd \usage sections
Result: NOTE
Invalid MIT-MAGIC-COOKIE-1 key
The \usage entries for S3 methods should use the \method markup and not
their full name.
See chapter ‘Writing R documentation files’ in the ‘Writing R
Extensions’ manual.
Flavor: r-release-osx-x86_64-mavericks