CRAN Package Check Results for Package rLiDAR

Last updated on 2016-12-28 23:47:33.

Flavor Version Tinstall Tcheck Ttotal Status Flags
r-devel-linux-x86_64-debian-clang 0.1 4.70 65.40 70.10 NOTE
r-devel-linux-x86_64-debian-gcc 0.1 5.02 64.21 69.23 NOTE
r-devel-linux-x86_64-fedora-clang 0.1 145.05 NOTE --no-stop-on-test-error
r-devel-linux-x86_64-fedora-gcc 0.1 146.75 NOTE --no-stop-on-test-error
r-devel-macos-x86_64-clang 0.1 107.52 NOTE --no-stop-on-test-error
r-devel-windows-ix86+x86_64 0.1 16.00 114.00 130.00 NOTE
r-patched-linux-x86_64 0.1 4.94 58.92 63.85 NOTE
r-patched-solaris-sparc 0.1 754.80 NOTE
r-patched-solaris-x86 0.1 178.50 NOTE
r-release-linux-x86_64 0.1 4.71 58.60 63.31 NOTE
r-release-osx-x86_64-mavericks 0.1 WARN
r-release-windows-ix86+x86_64 0.1 20.00 103.00 123.00 NOTE
r-oldrel-windows-ix86+x86_64 0.1 16.00 104.00 120.00 OK

Check Details

Version: 0.1
Check: R code for possible problems
Result: NOTE
    CHMsmoothing: no visible global function definition for ‘as’
    CHMsmoothing: no visible binding for global variable ‘median’
    FindTreesCHM: no visible global function definition for ‘as’
    ForestCAS: no visible global function definition for ‘as’
    ForestCAS: no visible global function definition for ‘na.omit’
    ForestCAS: no visible global function definition for ‘slot’
    ForestCAS : <anonymous>: no visible global function definition for
     ‘slot’
    ForestCAS: no visible global function definition for ‘flush.console’
    ForestCAS: no visible global function definition for ‘slot<-’
    ForestCAS: no visible binding for global variable ‘slot’
    LASmetrics: no visible global function definition for ‘median’
    LASmetrics: no visible global function definition for ‘sd’
    LASmetrics: no visible global function definition for ‘var’
    LASmetrics: no visible global function definition for ‘quantile’
    chullLiDAR2D: no visible global function definition for ‘chull’
    chullLiDAR2D: no visible global function definition for ‘flush.console’
    chullLiDAR2D: no visible global function definition for ‘slot’
    chullLiDAR2D: no visible global function definition for ‘slot<-’
    chullLiDAR2D: no visible binding for global variable ‘slot’
    chullLiDAR3D: no visible global function definition for ‘flush.console’
    rMetrics: no visible global function definition for ‘flush.console’
    rMetrics: no visible global function definition for ‘median’
    rMetrics: no visible global function definition for ‘var’
    rMetrics: no visible global function definition for ‘sd’
    rMetrics: no visible global function definition for ‘quantile’
    readLAS: no visible global function definition for ‘?’
    Undefined global functions or variables:
     ? as chull flush.console median na.omit quantile sd slot slot<- var
    Consider adding
     importFrom("grDevices", "chull")
     importFrom("methods", "as", "slot", "slot<-")
     importFrom("stats", "median", "na.omit", "quantile", "sd", "var")
     importFrom("utils", "?", "flush.console")
    to your NAMESPACE file (and ensure that your DESCRIPTION Imports field
    contains 'methods').
Flavors: r-devel-linux-x86_64-debian-clang, r-devel-linux-x86_64-debian-gcc, r-devel-windows-ix86+x86_64, r-patched-linux-x86_64, r-patched-solaris-sparc, r-patched-solaris-x86, r-release-linux-x86_64, r-release-windows-ix86+x86_64

Version: 0.1
Flags: --no-stop-on-test-error
Check: R code for possible problems
Result: NOTE
    CHMsmoothing: no visible global function definition for ‘as’
    CHMsmoothing: no visible binding for global variable ‘median’
    FindTreesCHM: no visible global function definition for ‘as’
    ForestCAS: no visible global function definition for ‘as’
    ForestCAS: no visible global function definition for ‘na.omit’
    ForestCAS: no visible global function definition for ‘slot’
    ForestCAS : <anonymous>: no visible global function definition for
     ‘slot’
    ForestCAS: no visible global function definition for ‘flush.console’
    ForestCAS: no visible global function definition for ‘slot<-’
    ForestCAS: no visible binding for global variable ‘slot’
    LASmetrics: no visible global function definition for ‘median’
    LASmetrics: no visible global function definition for ‘sd’
    LASmetrics: no visible global function definition for ‘var’
    LASmetrics: no visible global function definition for ‘quantile’
    chullLiDAR2D: no visible global function definition for ‘chull’
    chullLiDAR2D: no visible global function definition for ‘flush.console’
    chullLiDAR2D: no visible global function definition for ‘slot’
    chullLiDAR2D: no visible global function definition for ‘slot<-’
    chullLiDAR2D: no visible binding for global variable ‘slot’
    chullLiDAR3D: no visible global function definition for ‘flush.console’
    rMetrics: no visible global function definition for ‘flush.console’
    rMetrics: no visible global function definition for ‘median’
    rMetrics: no visible global function definition for ‘var’
    rMetrics: no visible global function definition for ‘sd’
    rMetrics: no visible global function definition for ‘quantile’
    readLAS: no visible global function definition for ‘?’
    Undefined global functions or variables:
     ? as chull flush.console median na.omit quantile sd slot slot<- var
    Consider adding
     importFrom("grDevices", "chull")
     importFrom("methods", "as", "slot", "slot<-")
     importFrom("stats", "median", "na.omit", "quantile", "sd", "var")
     importFrom("utils", "?", "flush.console")
    to your NAMESPACE file (and ensure that your DESCRIPTION Imports field
    contains 'methods').
Flavors: r-devel-linux-x86_64-fedora-clang, r-devel-linux-x86_64-fedora-gcc, r-devel-macos-x86_64-clang

Version: 0.1
Check: whether package can be installed
Result: WARN
    Found the following significant warnings:
     Warning: 'rgl_init' failed, running with rgl.useNULL = TRUE
Flavor: r-release-osx-x86_64-mavericks

Version: 0.1
Check: dependencies in R code
Result: NOTE
    Invalid MIT-MAGIC-COOKIE-1 key
Flavor: r-release-osx-x86_64-mavericks

Version: 0.1
Check: S3 generic/method consistency
Result: WARN
    Invalid MIT-MAGIC-COOKIE-1 key
    See section ‘Generic functions and methods’ in the ‘Writing R
    Extensions’ manual.
Flavor: r-release-osx-x86_64-mavericks

Version: 0.1
Check: replacement functions
Result: WARN
    Invalid MIT-MAGIC-COOKIE-1 key
    The argument of a replacement function which corresponds to the right
    hand side must be named ‘value’.
Flavor: r-release-osx-x86_64-mavericks

Version: 0.1
Check: foreign function calls
Result: NOTE
    Invalid MIT-MAGIC-COOKIE-1 key
    See chapter ‘System and foreign language interfaces’ in the ‘Writing R
    Extensions’ manual.
Flavor: r-release-osx-x86_64-mavericks

Version: 0.1
Check: R code for possible problems
Result: NOTE
    Invalid MIT-MAGIC-COOKIE-1 keyCHMsmoothing: no visible global function definition for ‘as’
    CHMsmoothing: no visible binding for global variable ‘median’
    FindTreesCHM: no visible global function definition for ‘as’
    ForestCAS: no visible global function definition for ‘as’
    ForestCAS: no visible global function definition for ‘na.omit’
    ForestCAS: no visible global function definition for ‘slot’
    ForestCAS : <anonymous>: no visible global function definition for
     ‘slot’
    ForestCAS: no visible global function definition for ‘flush.console’
    ForestCAS: no visible global function definition for ‘slot<-’
    ForestCAS: no visible binding for global variable ‘slot’
    LASmetrics: no visible global function definition for ‘median’
    LASmetrics: no visible global function definition for ‘sd’
    LASmetrics: no visible global function definition for ‘var’
    LASmetrics: no visible global function definition for ‘quantile’
    chullLiDAR2D: no visible global function definition for ‘chull’
    chullLiDAR2D: no visible global function definition for ‘flush.console’
    chullLiDAR2D: no visible global function definition for ‘slot’
    chullLiDAR2D: no visible global function definition for ‘slot<-’
    chullLiDAR2D: no visible binding for global variable ‘slot’
    chullLiDAR3D: no visible global function definition for ‘flush.console’
    rMetrics: no visible global function definition for ‘flush.console’
    rMetrics: no visible global function definition for ‘median’
    rMetrics: no visible global function definition for ‘var’
    rMetrics: no visible global function definition for ‘sd’
    rMetrics: no visible global function definition for ‘quantile’
    readLAS: no visible global function definition for ‘?’
    Undefined global functions or variables:
     ? as chull flush.console median na.omit quantile sd slot slot<- var
    Consider adding
     importFrom("grDevices", "chull")
     importFrom("methods", "as", "slot", "slot<-")
     importFrom("stats", "median", "na.omit", "quantile", "sd", "var")
     importFrom("utils", "?", "flush.console")
    to your NAMESPACE file (and ensure that your DESCRIPTION Imports field
    contains 'methods').
Flavor: r-release-osx-x86_64-mavericks

Version: 0.1
Check: for missing documentation entries
Result: WARN
    Invalid MIT-MAGIC-COOKIE-1 key
    All user-level objects in a package should have documentation entries.
    See chapter ‘Writing R documentation files’ in the ‘Writing R
    Extensions’ manual.
Flavor: r-release-osx-x86_64-mavericks

Version: 0.1
Check: for code/documentation mismatches
Result: WARN
    Invalid MIT-MAGIC-COOKIE-1 key
    Invalid MIT-MAGIC-COOKIE-1 key
    Invalid MIT-MAGIC-COOKIE-1 key
Flavor: r-release-osx-x86_64-mavericks

Version: 0.1
Check: Rd \usage sections
Result: NOTE
    Invalid MIT-MAGIC-COOKIE-1 key
    The \usage entries for S3 methods should use the \method markup and not
    their full name.
    See chapter ‘Writing R documentation files’ in the ‘Writing R
    Extensions’ manual.
Flavor: r-release-osx-x86_64-mavericks