Last updated on 2016-12-28 23:47:31.
Flavor | Version | Tinstall | Tcheck | Ttotal | Status | Flags |
---|---|---|---|---|---|---|
r-devel-linux-x86_64-debian-clang | 0.1.0 | 0.88 | 14.59 | 15.48 | OK | |
r-devel-linux-x86_64-debian-gcc | 0.1.0 | 0.93 | 14.61 | 15.54 | OK | |
r-devel-linux-x86_64-fedora-clang | 0.1.0 | 27.80 | OK | --no-stop-on-test-error | ||
r-devel-linux-x86_64-fedora-gcc | 0.1.0 | 27.09 | OK | --no-stop-on-test-error | ||
r-devel-macos-x86_64-clang | 0.1.0 | 23.04 | OK | --no-stop-on-test-error | ||
r-devel-windows-ix86+x86_64 | 0.1.0 | 6.00 | 53.00 | 59.00 | OK | |
r-patched-linux-x86_64 | 0.1.0 | 0.78 | 12.19 | 12.97 | OK | |
r-patched-solaris-sparc | 0.1.0 | 131.80 | NOTE | |||
r-patched-solaris-x86 | 0.1.0 | 32.00 | OK | |||
r-release-linux-x86_64 | 0.1.0 | 0.80 | 11.98 | 12.78 | OK | |
r-release-osx-x86_64-mavericks | 0.1.0 | OK | ||||
r-release-windows-ix86+x86_64 | 0.1.0 | 4.00 | 28.00 | 32.00 | OK | |
r-oldrel-windows-ix86+x86_64 | 0.1.0 | 3.00 | 26.00 | 29.00 | OK |
Version: 0.1.0
Check: package dependencies
Result: NOTE
Package suggested but not available for checking: ‘V8’
Flavor: r-patched-solaris-sparc