Last updated on 2016-12-28 23:47:32.
Flavor | Version | Tinstall | Tcheck | Ttotal | Status | Flags |
---|---|---|---|---|---|---|
r-devel-linux-x86_64-debian-clang | 0.3.0 | 0.86 | 20.21 | 21.07 | OK | |
r-devel-linux-x86_64-debian-gcc | 0.3.0 | 0.95 | 19.90 | 20.85 | OK | |
r-devel-linux-x86_64-fedora-clang | 0.3.0 | 36.68 | OK | --no-stop-on-test-error | ||
r-devel-linux-x86_64-fedora-gcc | 0.3.0 | 35.14 | OK | --no-stop-on-test-error | ||
r-devel-macos-x86_64-clang | 0.3.0 | 30.21 | OK | --no-stop-on-test-error | ||
r-devel-windows-ix86+x86_64 | 0.3.0 | 6.00 | 52.00 | 58.00 | OK | |
r-patched-linux-x86_64 | 0.3.0 | 0.85 | 15.28 | 16.13 | OK | |
r-patched-solaris-sparc | 0.3.0 | 159.80 | ERROR | |||
r-patched-solaris-x86 | 0.3.0 | 37.20 | OK | |||
r-release-linux-x86_64 | 0.3.0 | 0.86 | 15.41 | 16.26 | OK | |
r-release-osx-x86_64-mavericks | 0.3.0 | OK | ||||
r-release-windows-ix86+x86_64 | 0.3.0 | 5.00 | 34.00 | 39.00 | OK | |
r-oldrel-windows-ix86+x86_64 | 0.3.0 | 4.00 | 32.00 | 36.00 | OK |
Version: 0.3.0
Check: examples
Result: ERROR
Running examples in ‘respirometry-Ex.R’ failed
The error most likely occurred in:
> ### Name: calc_MO2
> ### Title: Calculate metabolic rate
> ### Aliases: calc_MO2
>
> ### ** Examples
>
> # get O2 data
> file <- system.file('extdata', 'witrox_file.txt', package = 'respirometry')
> o2_data <- na.omit(import_witrox(file, split_channels = TRUE)$CH_4)
Warning in strsplit(raw, split = "\r\n", fixed = T) :
input string 1 is invalid UTF-8
Error in grep("Date &Time [", f[1:20], fixed = TRUE):length(f) :
argument of length 0
Calls: na.omit -> import_witrox
Execution halted
Flavor: r-patched-solaris-sparc