CRAN Package Check Results for Package rex

Last updated on 2016-12-28 23:47:32.

Flavor Version Tinstall Tcheck Ttotal Status Flags
r-devel-linux-x86_64-debian-clang 1.1.1 0.80 18.87 19.67 OK
r-devel-linux-x86_64-debian-gcc 1.1.1 0.80 18.30 19.10 OK
r-devel-linux-x86_64-fedora-clang 1.1.1 33.69 OK --no-stop-on-test-error
r-devel-linux-x86_64-fedora-gcc 1.1.1 33.74 OK --no-stop-on-test-error
r-devel-macos-x86_64-clang 1.1.1 28.20 OK --no-stop-on-test-error
r-devel-windows-ix86+x86_64 1.1.1 7.00 40.00 47.00 WARN
r-patched-linux-x86_64 1.1.1 0.68 13.48 14.16 OK
r-patched-solaris-sparc 1.1.1 155.50 OK
r-patched-solaris-x86 1.1.1 33.90 OK
r-release-linux-x86_64 1.1.1 0.72 13.55 14.28 OK
r-release-osx-x86_64-mavericks 1.1.1 OK
r-release-windows-ix86+x86_64 1.1.1 4.00 32.00 36.00 OK
r-oldrel-windows-ix86+x86_64 1.1.1 4.00 31.00 35.00 OK

Check Details

Version: 1.1.1
Check: files in ‘vignettes’
Result: WARN
    Files in the 'vignettes' directory newer than all files in 'inst/doc':
     'NASA.txt', 'log_parsing.Rmd', 'stackoverflow.R', 'url_parsing.Rmd'
Flavor: r-devel-windows-ix86+x86_64