Last updated on 2016-12-28 23:47:32.
Flavor | Version | Tinstall | Tcheck | Ttotal | Status | Flags |
---|---|---|---|---|---|---|
r-devel-linux-x86_64-debian-clang | 1.2-5 | 10.06 | 69.97 | 80.03 | OK | |
r-devel-linux-x86_64-debian-gcc | 1.2-5 | 8.99 | 71.79 | 80.78 | OK | |
r-devel-linux-x86_64-fedora-clang | 1.2-5 | 111.30 | OK | --no-stop-on-test-error | ||
r-devel-linux-x86_64-fedora-gcc | 1.2-5 | 106.65 | OK | --no-stop-on-test-error | ||
r-devel-macos-x86_64-clang | 1.2-5 | 89.10 | NOTE | --no-stop-on-test-error | ||
r-devel-windows-ix86+x86_64 | 1.2-5 | 55.00 | 149.00 | 204.00 | WARN | |
r-patched-linux-x86_64 | 1.2-5 | 10.59 | 59.13 | 69.71 | OK | |
r-patched-solaris-sparc | 1.2-5 | 597.90 | OK | |||
r-patched-solaris-x86 | 1.2-5 | 124.00 | OK | |||
r-release-linux-x86_64 | 1.2-5 | 8.76 | 60.10 | 68.85 | OK | |
r-release-osx-x86_64-mavericks | 1.2-5 | NOTE | ||||
r-release-windows-ix86+x86_64 | 1.2-5 | 58.00 | 110.00 | 168.00 | NOTE | |
r-oldrel-windows-ix86+x86_64 | 1.2-5 | 42.00 | 256.00 | 298.00 | NOTE |
Version: 1.2-5
Flags: --no-stop-on-test-error
Check: installed package size
Result: NOTE
installed size is 20.7Mb
sub-directories of 1Mb or more:
libs 18.2Mb
pictures 1.3Mb
Flavor: r-devel-macos-x86_64-clang
Version: 1.2-5
Check: whether package can be installed
Result: WARN
Found the following significant warnings:
d:/Compiler/gcc-4.9.3/local330/include/cpl_port.h:227:14: warning: ISO C++ 1998 does not support 'long long' [-Wlong-long]
d:/Compiler/gcc-4.9.3/local330/include/cpl_port.h:228:23: warning: ISO C++ 1998 does not support 'long long' [-Wlong-long]
Flavor: r-devel-windows-ix86+x86_64
Version: 1.2-5
Check: installed package size
Result: NOTE
installed size is 34.3Mb
sub-directories of 1Mb or more:
gdal 3.0Mb
libs 23.9Mb
pictures 1.3Mb
proj 4.9Mb
Flavors: r-devel-windows-ix86+x86_64, r-release-osx-x86_64-mavericks, r-release-windows-ix86+x86_64, r-oldrel-windows-ix86+x86_64