CRAN Package Check Results for Package rmarkdown

Last updated on 2016-12-28 23:47:33.

Flavor Version Tinstall Tcheck Ttotal Status Flags
r-devel-linux-x86_64-debian-clang 1.3 2.12 32.37 34.49 OK
r-devel-linux-x86_64-debian-gcc 1.3 2.04 32.24 34.28 OK
r-devel-linux-x86_64-fedora-clang 1.3 56.68 NOTE --no-stop-on-test-error
r-devel-linux-x86_64-fedora-gcc 1.3 55.22 NOTE --no-stop-on-test-error
r-devel-macos-x86_64-clang 1.3 47.85 NOTE --no-stop-on-test-error
r-devel-windows-ix86+x86_64 1.3 14.00 78.00 92.00 NOTE
r-patched-linux-x86_64 1.3 1.94 30.61 32.56 OK
r-patched-solaris-sparc 1.3 346.50 NOTE
r-patched-solaris-x86 1.3 72.40 NOTE
r-release-linux-x86_64 1.3 1.98 30.36 32.33 OK
r-release-osx-x86_64-mavericks 1.3 NOTE
r-release-windows-ix86+x86_64 1.3 16.00 53.00 69.00 NOTE
r-oldrel-windows-ix86+x86_64 1.3 10.00 53.00 63.00 NOTE

Check Details

Version: 1.3
Flags: --no-stop-on-test-error
Check: installed package size
Result: NOTE
     installed size is 6.6Mb
     sub-directories of 1Mb or more:
     rmd 6.1Mb
Flavors: r-devel-linux-x86_64-fedora-clang, r-devel-linux-x86_64-fedora-gcc, r-devel-macos-x86_64-clang

Version: 1.3
Check: installed package size
Result: NOTE
     installed size is 6.3Mb
     sub-directories of 1Mb or more:
     rmd 5.8Mb
Flavors: r-devel-windows-ix86+x86_64, r-patched-solaris-sparc, r-patched-solaris-x86, r-release-osx-x86_64-mavericks, r-release-windows-ix86+x86_64, r-oldrel-windows-ix86+x86_64