CRAN Package Check Results for Package robotstxt

Last updated on 2016-12-28 23:47:33.

Flavor Version Tinstall Tcheck Ttotal Status Flags
r-devel-linux-x86_64-debian-clang 0.3.2 0.74 17.16 17.90 OK
r-devel-linux-x86_64-debian-gcc 0.3.2 0.70 17.07 17.77 OK
r-devel-linux-x86_64-fedora-clang 0.3.2 29.65 OK --no-stop-on-test-error
r-devel-linux-x86_64-fedora-gcc 0.3.2 29.09 OK --no-stop-on-test-error
r-devel-macos-x86_64-clang 0.3.2 24.65 OK --no-stop-on-test-error
r-devel-windows-ix86+x86_64 0.3.2 7.00 55.00 62.00 WARN
r-patched-linux-x86_64 0.3.2 0.65 14.10 14.75 OK
r-patched-solaris-sparc 0.3.2 147.80 OK
r-patched-solaris-x86 0.3.2 32.70 OK
r-release-linux-x86_64 0.3.2 0.86 14.21 15.07 OK
r-release-osx-x86_64-mavericks 0.3.2 OK
r-release-windows-ix86+x86_64 0.3.2 4.00 31.00 35.00 OK
r-oldrel-windows-ix86+x86_64 0.3.2 3.00 30.00 33.00 OK

Check Details

Version: 0.3.2
Check: files in ‘vignettes’
Result: WARN
    Files in the 'vignettes' directory newer than all files in 'inst/doc':
     'using_robotstxt.Rmd'
Flavor: r-devel-windows-ix86+x86_64