CRAN Package Check Results for Package rotl

Last updated on 2016-12-28 23:47:34.

Flavor Version Tinstall Tcheck Ttotal Status Flags
r-devel-linux-x86_64-debian-clang 3.0.1 1.78 112.02 113.79 OK
r-devel-linux-x86_64-debian-gcc 3.0.1 1.75 107.68 109.42 OK
r-devel-linux-x86_64-fedora-clang 3.0.1 75.41 OK --no-stop-on-test-error
r-devel-linux-x86_64-fedora-gcc 3.0.1 74.52 OK --no-stop-on-test-error
r-devel-macos-x86_64-clang 3.0.1 60.28 OK --no-stop-on-test-error
r-devel-windows-ix86+x86_64 3.0.1 9.00 172.00 181.00 OK
r-patched-linux-x86_64 3.0.1 1.67 102.73 104.41 OK
r-patched-solaris-sparc 3.0.1 348.10 WARN
r-patched-solaris-x86 3.0.1 81.50 OK
r-release-linux-x86_64 3.0.1 1.72 101.75 103.47 OK
r-release-osx-x86_64-mavericks 3.0.1 OK
r-release-windows-ix86+x86_64 3.0.1 8.00 133.00 141.00 OK
r-oldrel-windows-ix86+x86_64 3.0.1 6.00 130.00 136.00 OK

Check Details

Version: 3.0.1
Check: re-building of vignette outputs
Result: WARN
    Error in re-building vignettes:
     ...
    Warning in engine$weave(file, quiet = quiet, encoding = enc) :
     Pandoc (>= 1.12.3) and/or pandoc-citeproc not available. Falling back to R Markdown v1.
    Warning in engine$weave(file, quiet = quiet, encoding = enc) :
     Pandoc (>= 1.12.3) and/or pandoc-citeproc not available. Falling back to R Markdown v1.
    Warning in engine$weave(file, quiet = quiet, encoding = enc) :
     Pandoc (>= 1.12.3) and/or pandoc-citeproc not available. Falling back to R Markdown v1.
    
     *** caught segfault ***
    address 441ec5f0, cause 'memory not mapped'
    
    Traceback:
     1: .Call("readxl_xls_col_types", PACKAGE = "readxl", path, na, sheet, nskip, n, has_col_names)
     2: xls_col_types(path, sheet, na = na, nskip = skip, has_col_names = has_col_names)
     3: read_xls(path, sheet, col_names, col_types, na, skip)
     4: read_excel(xl_file)
     5: eval(expr, envir, enclos)
     6: eval(expr, envir, enclos)
     7: withVisible(eval(expr, envir, enclos))
     8: withCallingHandlers(withVisible(eval(expr, envir, enclos)), warning = wHandler, error = eHandler, message = mHandler)
     9: handle(ev <- withCallingHandlers(withVisible(eval(expr, envir, enclos)), warning = wHandler, error = eHandler, message = mHandler))
    10: timing_fn(handle(ev <- withCallingHandlers(withVisible(eval(expr, envir, enclos)), warning = wHandler, error = eHandler, message = mHandler)))
    11: evaluate_call(expr, parsed$src[[i]], envir = envir, enclos = enclos, debug = debug, last = i == length(out), use_try = stop_on_error != 2L, keep_warning = keep_warning, keep_message = keep_message, output_handler = output_handler, include_timing = include_timing)
    12: evaluate(code, envir = env, new_device = FALSE, keep_warning = !isFALSE(options$warning), keep_message = !isFALSE(options$message), stop_on_error = if (options$error && options$include) 0L else 2L, output_handler = knit_handlers(options$render, options))
    13: in_dir(input_dir(), evaluate(code, envir = env, new_device = FALSE, keep_warning = !isFALSE(options$warning), keep_message = !isFALSE(options$message), stop_on_error = if (options$error && options$include) 0L else 2L, output_handler = knit_handlers(options$render, options)))
    14: block_exec(params)
    15: call_block(x)
    16: process_group.block(group)
    17: process_group(group)
    18: withCallingHandlers(if (tangle) process_tangle(group) else process_group(group), error = function(e) { setwd(wd) cat(res, sep = "\n", file = output %n% "") message("Quitting from lines ", paste(current_lines(i), collapse = "-"), " (", knit_concord$get("infile"), ") ") })
    19: process_file(text, output)
    20: knit(input, text = text, envir = envir, encoding = encoding, quiet = quiet)
    21: knit2html(..., force_v1 = TRUE)
    22: (if (grepl("\\.[Rr]md$", file)) knit2html_v1 else if (grepl("\\.[Rr]rst$", file)) knit2pdf else knit)(file, encoding = encoding, quiet = quiet, envir = globalenv())
    23: vweave(...)
    24: engine$weave(file, quiet = quiet, encoding = enc)
    25: doTryCatch(return(expr), name, parentenv, handler)
    26: tryCatchOne(expr, names, parentenv, handlers[[1L]])
    27: tryCatchList(expr, classes, parentenv, handlers)
    28: tryCatch({ engine$weave(file, quiet = quiet, encoding = enc) setwd(startdir) find_vignette_product(name, by = "weave", engine = engine)}, error = function(e) { stop(gettextf("processing vignette '%s' failed with diagnostics:\n%s", file, conditionMessage(e)), domain = NA, call. = FALSE)})
    29: buildVignettes(dir = "/home/ripley/R/packages/tests32/rotl.Rcheck/vign_test/rotl")
    An irrecoverable exception occurred. R is aborting now ...
Flavor: r-patched-solaris-sparc