CRAN Package Check Results for Package rrr

Last updated on 2016-12-28 23:47:34.

Flavor Version Tinstall Tcheck Ttotal Status Flags
r-devel-linux-x86_64-debian-clang 1.0.0 2.33 50.74 53.06 OK
r-devel-linux-x86_64-debian-gcc 1.0.0 2.37 49.32 51.70 OK
r-devel-linux-x86_64-fedora-clang 1.0.0 97.14 NOTE --no-stop-on-test-error
r-devel-linux-x86_64-fedora-gcc 1.0.0 96.98 NOTE --no-stop-on-test-error
r-devel-macos-x86_64-clang 1.0.0 77.85 NOTE --no-stop-on-test-error
r-devel-windows-ix86+x86_64 1.0.0 9.00 96.00 105.00 OK
r-patched-linux-x86_64 1.0.0 2.32 38.84 41.16 OK
r-patched-solaris-sparc 1.0.0 468.30 NOTE
r-patched-solaris-x86 1.0.0 104.00 NOTE
r-release-linux-x86_64 1.0.0 2.48 41.52 44.00 OK
r-release-osx-x86_64-mavericks 1.0.0 NOTE
r-release-windows-ix86+x86_64 1.0.0 13.00 68.00 81.00 OK
r-oldrel-windows-ix86+x86_64 1.0.0 9.00 66.00 75.00 NOTE

Check Details

Version: 1.0.0
Flags: --no-stop-on-test-error
Check: dependencies in R code
Result: NOTE
    Namespace in Imports field not imported from: ‘Rcpp’
     All declared Imports should be used.
Flavors: r-devel-linux-x86_64-fedora-clang, r-devel-linux-x86_64-fedora-gcc, r-devel-macos-x86_64-clang

Version: 1.0.0
Check: dependencies in R code
Result: NOTE
    Namespace in Imports field not imported from: ‘Rcpp’
     All declared Imports should be used.
Flavors: r-patched-solaris-sparc, r-patched-solaris-x86, r-release-osx-x86_64-mavericks, r-oldrel-windows-ix86+x86_64