CRAN Package Check Results for Package rslurm

Last updated on 2016-12-28 23:47:34.

Flavor Version Tinstall Tcheck Ttotal Status Flags
r-devel-linux-x86_64-debian-clang 0.3.1 0.64 19.77 20.41 OK
r-devel-linux-x86_64-debian-gcc 0.3.1 0.65 18.19 18.84 OK
r-devel-linux-x86_64-fedora-clang 0.3.1 30.69 NOTE --no-stop-on-test-error
r-devel-linux-x86_64-fedora-gcc 0.3.1 29.40 NOTE --no-stop-on-test-error
r-devel-macos-x86_64-clang 0.3.1 24.81 NOTE --no-stop-on-test-error
r-devel-windows-ix86+x86_64 0.3.1 3.00 51.00 54.00 OK
r-patched-linux-x86_64 0.3.1 0.59 15.72 16.31 OK
r-patched-solaris-sparc 0.3.1 154.10 NOTE
r-patched-solaris-x86 0.3.1 35.80 NOTE
r-release-linux-x86_64 0.3.1 0.61 16.13 16.73 OK
r-release-osx-x86_64-mavericks 0.3.1 NOTE
r-release-windows-ix86+x86_64 0.3.1 5.00 32.00 37.00 OK
r-oldrel-windows-ix86+x86_64 0.3.1 3.00 32.00 35.00 NOTE

Check Details

Version: 0.3.1
Flags: --no-stop-on-test-error
Check: dependencies in R code
Result: NOTE
    Namespace in Imports field not imported from: ‘parallel’
     All declared Imports should be used.
Flavors: r-devel-linux-x86_64-fedora-clang, r-devel-linux-x86_64-fedora-gcc, r-devel-macos-x86_64-clang

Version: 0.3.1
Check: dependencies in R code
Result: NOTE
    Namespace in Imports field not imported from: ‘parallel’
     All declared Imports should be used.
Flavors: r-patched-solaris-sparc, r-patched-solaris-x86, r-release-osx-x86_64-mavericks, r-oldrel-windows-ix86+x86_64