Last updated on 2016-12-28 23:47:35.
Flavor | Version | Tinstall | Tcheck | Ttotal | Status | Flags |
---|---|---|---|---|---|---|
r-devel-linux-x86_64-debian-clang | 0.3.5 | 33.59 | 30.85 | 64.44 | OK | |
r-devel-linux-x86_64-debian-gcc | 0.3.5 | 39.67 | 31.94 | 71.60 | OK | |
r-devel-linux-x86_64-fedora-clang | 0.3.5 | 108.91 | OK | --no-stop-on-test-error | ||
r-devel-linux-x86_64-fedora-gcc | 0.3.5 | 128.59 | NOTE | --no-stop-on-test-error | ||
r-devel-macos-x86_64-clang | 0.3.5 | 84.72 | OK | --no-stop-on-test-error | ||
r-devel-windows-ix86+x86_64 | 0.3.5 | 168.00 | 150.00 | 318.00 | OK | |
r-patched-linux-x86_64 | 0.3.5 | 36.36 | 27.99 | 64.35 | OK | |
r-patched-solaris-sparc | 0.3.5 | 434.20 | OK | --no-examples --no-tests --no-vignettes | ||
r-patched-solaris-x86 | 0.3.5 | 155.30 | OK | |||
r-release-linux-x86_64 | 0.3.5 | 36.74 | 28.20 | 64.93 | OK | |
r-release-osx-x86_64-mavericks | 0.3.5 | OK | ||||
r-release-windows-ix86+x86_64 | 0.3.5 | 187.00 | 117.00 | 304.00 | OK | |
r-oldrel-windows-ix86+x86_64 | 0.3.5 | 143.00 | 158.00 | 301.00 | OK |
Version: 0.3.5
Flags: --no-stop-on-test-error
Check: installed package size
Result: NOTE
installed size is 5.7Mb
sub-directories of 1Mb or more:
libs 4.8Mb
Flavor: r-devel-linux-x86_64-fedora-gcc