Last updated on 2016-12-28 23:47:35.
Flavor | Version | Tinstall | Tcheck | Ttotal | Status | Flags |
---|---|---|---|---|---|---|
r-devel-linux-x86_64-debian-clang | 0.1.1 | 62.22 | 24.06 | 86.29 | OK | |
r-devel-linux-x86_64-debian-gcc | 0.1.1 | 64.43 | 25.26 | 89.70 | OK | |
r-devel-linux-x86_64-fedora-clang | 0.1.1 | 195.20 | OK | --no-stop-on-test-error | ||
r-devel-linux-x86_64-fedora-gcc | 0.1.1 | 179.88 | NOTE | --no-stop-on-test-error | ||
r-devel-macos-x86_64-clang | 0.1.1 | 125.50 | OK | --no-stop-on-test-error | ||
r-devel-windows-ix86+x86_64 | 0.1.1 | 256.00 | 79.00 | 335.00 | OK | |
r-patched-linux-x86_64 | 0.1.1 | 53.83 | 17.39 | 71.22 | OK | |
r-patched-solaris-sparc | 0.1.1 | 999.70 | OK | |||
r-patched-solaris-x86 | 0.1.1 | 156.20 | OK | |||
r-release-linux-x86_64 | 0.1.1 | 54.37 | 18.48 | 72.85 | OK | |
r-release-osx-x86_64-mavericks | 0.1.1 | OK | ||||
r-release-windows-ix86+x86_64 | 0.1.1 | 259.00 | 49.00 | 308.00 | OK | |
r-oldrel-windows-ix86+x86_64 | 0.1.1 | 189.00 | 65.00 | 254.00 | OK |
Version: 0.1.1
Flags: --no-stop-on-test-error
Check: installed package size
Result: NOTE
installed size is 5.9Mb
sub-directories of 1Mb or more:
libs 5.7Mb
Flavor: r-devel-linux-x86_64-fedora-gcc