Last updated on 2016-12-28 23:47:35.
Flavor | Version | Tinstall | Tcheck | Ttotal | Status | Flags |
---|---|---|---|---|---|---|
r-devel-linux-x86_64-debian-clang | 2.5.0 | 3.38 | 56.19 | 59.57 | OK | |
r-devel-linux-x86_64-debian-gcc | 2.5.0 | 3.47 | 55.04 | 58.51 | OK | |
r-devel-linux-x86_64-fedora-clang | 2.5.0 | 112.48 | OK | --no-stop-on-test-error | ||
r-devel-linux-x86_64-fedora-gcc | 2.5.0 | 111.19 | OK | --no-stop-on-test-error | ||
r-devel-macos-x86_64-clang | 2.5.0 | 83.93 | OK | --no-stop-on-test-error | ||
r-devel-windows-ix86+x86_64 | 2.5.0 | 17.00 | 99.00 | 116.00 | OK | |
r-patched-linux-x86_64 | 2.5.0 | 3.45 | 50.38 | 53.83 | OK | |
r-patched-solaris-sparc | 2.5.0 | 726.40 | OK | |||
r-patched-solaris-x86 | 2.5.0 | 117.30 | OK | |||
r-release-linux-x86_64 | 2.5.0 | 3.62 | 49.66 | 53.28 | OK | |
r-release-osx-x86_64-mavericks | 2.5.0 | OK | ||||
r-release-windows-ix86+x86_64 | 2.5.0 | 18.00 | 88.00 | 106.00 | NOTE | |
r-oldrel-windows-ix86+x86_64 | 2.5.0 | 13.00 | 90.00 | 103.00 | NOTE |
Version: 2.5.0
Check: installed package size
Result: NOTE
installed size is 5.0Mb
sub-directories of 1Mb or more:
sample_data 3.2Mb
Flavors: r-release-windows-ix86+x86_64, r-oldrel-windows-ix86+x86_64