CRAN Package Check Results for Package scalreg

Last updated on 2016-12-28 23:47:35.

Flavor Version Tinstall Tcheck Ttotal Status Flags
r-devel-linux-x86_64-debian-clang 1.0 0.65 17.02 17.67 NOTE
r-devel-linux-x86_64-debian-gcc 1.0 0.71 16.21 16.92 NOTE
r-devel-linux-x86_64-fedora-clang 1.0 30.25 NOTE --no-stop-on-test-error
r-devel-linux-x86_64-fedora-gcc 1.0 27.50 NOTE --no-stop-on-test-error
r-devel-macos-x86_64-clang 1.0 24.26 NOTE --no-stop-on-test-error
r-devel-windows-ix86+x86_64 1.0 5.00 45.00 50.00 NOTE
r-patched-linux-x86_64 1.0 0.66 13.95 14.61 NOTE
r-patched-solaris-sparc 1.0 175.10 NOTE
r-patched-solaris-x86 1.0 41.00 NOTE
r-release-linux-x86_64 1.0 0.65 13.94 14.59 NOTE
r-release-osx-x86_64-mavericks 1.0 NOTE
r-release-windows-ix86+x86_64 1.0 4.00 34.00 38.00 NOTE
r-oldrel-windows-ix86+x86_64 1.0 3.00 43.00 46.00 NOTE

Check Details

Version: 1.0
Check: DESCRIPTION meta-information
Result: NOTE
    Malformed Description field: should contain one or more complete sentences.
Flavors: r-devel-linux-x86_64-debian-clang, r-devel-linux-x86_64-debian-gcc, r-devel-windows-ix86+x86_64, r-patched-linux-x86_64, r-patched-solaris-sparc, r-patched-solaris-x86, r-release-linux-x86_64, r-release-osx-x86_64-mavericks, r-release-windows-ix86+x86_64, r-oldrel-windows-ix86+x86_64

Version: 1.0
Check: dependencies in R code
Result: NOTE
    Packages in Depends field not imported from:
     ‘MASS’ ‘lars’
     These packages need to be imported from (in the NAMESPACE file)
     for when this namespace is loaded but not attached.
Flavors: r-devel-linux-x86_64-debian-clang, r-devel-linux-x86_64-debian-gcc, r-devel-windows-ix86+x86_64, r-patched-linux-x86_64, r-patched-solaris-sparc, r-patched-solaris-x86, r-release-linux-x86_64, r-release-osx-x86_64-mavericks, r-release-windows-ix86+x86_64, r-oldrel-windows-ix86+x86_64

Version: 1.0
Check: S3 generic/method consistency
Result: NOTE
    Found the following apparent S3 methods exported but not registered:
     predict.scalreg print.scalreg
    See section ‘Registering S3 methods’ in the ‘Writing R Extensions’
    manual.
Flavors: r-devel-linux-x86_64-debian-clang, r-devel-linux-x86_64-debian-gcc, r-patched-linux-x86_64, r-patched-solaris-sparc, r-patched-solaris-x86, r-release-linux-x86_64

Version: 1.0
Check: R code for possible problems
Result: NOTE
    lse: no visible global function definition for ‘lm’
    predict.scalreg: no visible global function definition for ‘fitted’
    slassoEst: no visible global function definition for ‘qnorm’
    slassoEst: no visible global function definition for ‘lars’
    slassoEst: no visible global function definition for ‘predict.lars’
    Undefined global functions or variables:
     fitted lars lm predict.lars qnorm
    Consider adding
     importFrom("stats", "fitted", "lm", "qnorm")
    to your NAMESPACE file.
Flavors: r-devel-linux-x86_64-debian-clang, r-devel-linux-x86_64-debian-gcc, r-devel-windows-ix86+x86_64, r-patched-linux-x86_64, r-patched-solaris-sparc, r-patched-solaris-x86, r-release-linux-x86_64, r-release-osx-x86_64-mavericks, r-release-windows-ix86+x86_64

Version: 1.0
Flags: --no-stop-on-test-error
Check: DESCRIPTION meta-information
Result: NOTE
    Malformed Description field: should contain one or more complete sentences.
Flavors: r-devel-linux-x86_64-fedora-clang, r-devel-linux-x86_64-fedora-gcc, r-devel-macos-x86_64-clang

Version: 1.0
Flags: --no-stop-on-test-error
Check: dependencies in R code
Result: NOTE
    Packages in Depends field not imported from:
     ‘MASS’ ‘lars’
     These packages need to be imported from (in the NAMESPACE file)
     for when this namespace is loaded but not attached.
Flavors: r-devel-linux-x86_64-fedora-clang, r-devel-linux-x86_64-fedora-gcc, r-devel-macos-x86_64-clang

Version: 1.0
Flags: --no-stop-on-test-error
Check: S3 generic/method consistency
Result: NOTE
    Found the following apparent S3 methods exported but not registered:
     predict.scalreg print.scalreg
    See section ‘Registering S3 methods’ in the ‘Writing R Extensions’
    manual.
Flavors: r-devel-linux-x86_64-fedora-clang, r-devel-linux-x86_64-fedora-gcc, r-devel-macos-x86_64-clang

Version: 1.0
Flags: --no-stop-on-test-error
Check: R code for possible problems
Result: NOTE
    lse: no visible global function definition for ‘lm’
    predict.scalreg: no visible global function definition for ‘fitted’
    slassoEst: no visible global function definition for ‘qnorm’
    slassoEst: no visible global function definition for ‘lars’
    slassoEst: no visible global function definition for ‘predict.lars’
    Undefined global functions or variables:
     fitted lars lm predict.lars qnorm
    Consider adding
     importFrom("stats", "fitted", "lm", "qnorm")
    to your NAMESPACE file.
Flavors: r-devel-linux-x86_64-fedora-clang, r-devel-linux-x86_64-fedora-gcc, r-devel-macos-x86_64-clang

Version: 1.0
Check: R code for possible problems
Result: NOTE
    slassoEst: no visible global function definition for 'lars'
    slassoEst: no visible global function definition for 'predict.lars'
Flavor: r-oldrel-windows-ix86+x86_64