Last updated on 2016-12-28 23:47:36.
Flavor | Version | Tinstall | Tcheck | Ttotal | Status | Flags |
---|---|---|---|---|---|---|
r-devel-linux-x86_64-debian-clang | 1.1.2 | 8.30 | 14.08 | 22.38 | OK | |
r-devel-linux-x86_64-debian-gcc | 1.1.2 | 7.59 | 14.23 | 21.82 | OK | |
r-devel-linux-x86_64-fedora-clang | 1.1.2 | 43.78 | OK | --no-stop-on-test-error | ||
r-devel-linux-x86_64-fedora-gcc | 1.1.2 | 38.08 | OK | --no-stop-on-test-error | ||
r-devel-macos-x86_64-clang | 1.1.2 | 30.88 | OK | --no-stop-on-test-error | ||
r-devel-windows-ix86+x86_64 | 1.1.2 | 43.00 | 54.00 | 97.00 | OK | |
r-patched-linux-x86_64 | 1.1.2 | 6.49 | 12.06 | 18.55 | OK | |
r-patched-solaris-sparc | 1.1.2 | 203.20 | NOTE | |||
r-patched-solaris-x86 | 1.1.2 | 44.30 | NOTE | |||
r-release-linux-x86_64 | 1.1.2 | 6.56 | 12.45 | 19.01 | OK | |
r-release-osx-x86_64-mavericks | 1.1.2 | OK | ||||
r-release-windows-ix86+x86_64 | 1.1.2 | 43.00 | 30.00 | 73.00 | OK | |
r-oldrel-windows-ix86+x86_64 | 1.1.2 | 29.00 | 59.00 | 88.00 | OK |
Version: 1.1.2
Check: package dependencies
Result: NOTE
Package suggested but not available for checking: ‘microbenchmark’
Flavors: r-patched-solaris-sparc, r-patched-solaris-x86