CRAN Package Check Results for Package sejmRP

Last updated on 2016-12-28 23:47:36.

Flavor Version Tinstall Tcheck Ttotal Status Flags
r-devel-linux-x86_64-debian-clang 1.3 2.09 24.62 26.70 WARN
r-devel-linux-x86_64-debian-gcc 1.3 1.79 24.39 26.18 WARN
r-devel-linux-x86_64-fedora-clang 1.3 51.24 WARN --no-stop-on-test-error
r-devel-linux-x86_64-fedora-gcc 1.3 48.59 WARN --no-stop-on-test-error
r-devel-macos-x86_64-clang 1.3 39.90 WARN --no-stop-on-test-error
r-devel-windows-ix86+x86_64 1.3 9.00 70.00 79.00 WARN
r-patched-linux-x86_64 1.3 1.80 22.68 24.48 OK
r-patched-solaris-sparc 1.3 269.70 OK
r-patched-solaris-x86 1.3 59.50 OK
r-release-linux-x86_64 1.3 1.94 23.35 25.28 OK
r-release-osx-x86_64-mavericks 1.3 OK
r-release-windows-ix86+x86_64 1.3 9.00 46.00 55.00 OK
r-oldrel-windows-ix86+x86_64 1.3 7.00 48.00 55.00 OK

Check Details

Version: 1.3
Check: files in ‘vignettes’
Result: WARN
    Files in the 'vignettes' directory but no files in 'inst/doc':
     ‘INSTRUCTION.Rmd’
    Package has no Sweave vignette sources and no VignetteBuilder field.
Flavors: r-devel-linux-x86_64-debian-clang, r-devel-linux-x86_64-debian-gcc, r-devel-windows-ix86+x86_64

Version: 1.3
Flags: --no-stop-on-test-error
Check: files in ‘vignettes’
Result: WARN
    Files in the 'vignettes' directory but no files in 'inst/doc':
     ‘INSTRUCTION.Rmd’
    Package has no Sweave vignette sources and no VignetteBuilder field.
Flavors: r-devel-linux-x86_64-fedora-clang, r-devel-linux-x86_64-fedora-gcc, r-devel-macos-x86_64-clang