CRAN Package Check Results for Package seqDesign

Last updated on 2016-12-28 23:47:36.

Flavor Version Tinstall Tcheck Ttotal Status Flags
r-devel-linux-x86_64-debian-clang 1.1 2.30 44.85 47.15 NOTE
r-devel-linux-x86_64-debian-gcc 1.1 2.45 43.46 45.91 NOTE
r-devel-linux-x86_64-fedora-clang 1.1 101.55 NOTE --no-stop-on-test-error
r-devel-linux-x86_64-fedora-gcc 1.1 97.08 NOTE --no-stop-on-test-error
r-devel-macos-x86_64-clang 1.1 74.50 NOTE --no-stop-on-test-error
r-devel-windows-ix86+x86_64 1.1 10.00 108.00 118.00 NOTE
r-patched-linux-x86_64 1.1 2.42 39.95 42.37 NOTE
r-patched-solaris-sparc 1.1 522.60 NOTE
r-patched-solaris-x86 1.1 116.40 NOTE
r-release-linux-x86_64 1.1 2.24 40.26 42.50 NOTE
r-release-osx-x86_64-mavericks 1.1 NOTE
r-release-windows-ix86+x86_64 1.1 9.00 73.00 82.00 NOTE
r-oldrel-windows-ix86+x86_64 1.1 7.00 74.00 81.00 OK

Check Details

Version: 1.1
Check: R code for possible problems
Result: NOTE
    GammaDist: no visible binding for global variable ‘rgamma’
    VEpowerPP: no visible global function definition for ‘qnorm’
    applyStopRules: no visible global function definition for ‘qnorm’
    finalLogRankTest: no visible global function definition for ‘qnorm’
    finalLogRankTest: no visible global function definition for ‘pchisq’
    generateDropout: no visible global function definition for ‘rexp’
    generateEnrollment: no visible global function definition for ‘rpois’
    generateEnrollment: no visible global function definition for ‘runif’
    generateInfection: no visible global function definition for ‘rexp’
    generateInfection : <anonymous>: no visible global function definition
     for ‘rexp’
    getAlphaPerTest: no visible global function definition for ‘uniroot’
    getHarmBound: no visible global function definition for ‘dbinom’
    getHarmBound: no visible global function definition for ‘write.csv’
    getTreatmentAssignment : <anonymous>: no visible global function
     definition for ‘runif’
    getTreatmentAssignment: no visible global function definition for
     ‘runif’
    simTrial: no visible global function definition for ‘runif’
    sumTrialOneTrtArm: no visible global function definition for ‘quantile’
    testVE: no visible global function definition for ‘qnorm’
    Undefined global functions or variables:
     dbinom pchisq qnorm quantile rexp rgamma rpois runif uniroot
     write.csv
    Consider adding
     importFrom("stats", "dbinom", "pchisq", "qnorm", "quantile", "rexp",
     "rgamma", "rpois", "runif", "uniroot")
     importFrom("utils", "write.csv")
    to your NAMESPACE file.
Flavors: r-devel-linux-x86_64-debian-clang, r-devel-linux-x86_64-debian-gcc, r-devel-windows-ix86+x86_64, r-patched-linux-x86_64, r-patched-solaris-sparc, r-patched-solaris-x86, r-release-linux-x86_64, r-release-osx-x86_64-mavericks, r-release-windows-ix86+x86_64

Version: 1.1
Flags: --no-stop-on-test-error
Check: R code for possible problems
Result: NOTE
    GammaDist: no visible binding for global variable ‘rgamma’
    VEpowerPP: no visible global function definition for ‘qnorm’
    applyStopRules: no visible global function definition for ‘qnorm’
    finalLogRankTest: no visible global function definition for ‘qnorm’
    finalLogRankTest: no visible global function definition for ‘pchisq’
    generateDropout: no visible global function definition for ‘rexp’
    generateEnrollment: no visible global function definition for ‘rpois’
    generateEnrollment: no visible global function definition for ‘runif’
    generateInfection: no visible global function definition for ‘rexp’
    generateInfection : <anonymous>: no visible global function definition
     for ‘rexp’
    getAlphaPerTest: no visible global function definition for ‘uniroot’
    getHarmBound: no visible global function definition for ‘dbinom’
    getHarmBound: no visible global function definition for ‘write.csv’
    getTreatmentAssignment : <anonymous>: no visible global function
     definition for ‘runif’
    getTreatmentAssignment: no visible global function definition for
     ‘runif’
    simTrial: no visible global function definition for ‘runif’
    sumTrialOneTrtArm: no visible global function definition for ‘quantile’
    testVE: no visible global function definition for ‘qnorm’
    Undefined global functions or variables:
     dbinom pchisq qnorm quantile rexp rgamma rpois runif uniroot
     write.csv
    Consider adding
     importFrom("stats", "dbinom", "pchisq", "qnorm", "quantile", "rexp",
     "rgamma", "rpois", "runif", "uniroot")
     importFrom("utils", "write.csv")
    to your NAMESPACE file.
Flavors: r-devel-linux-x86_64-fedora-clang, r-devel-linux-x86_64-fedora-gcc, r-devel-macos-x86_64-clang