Last updated on 2016-12-28 23:47:36.
Flavor | Version | Tinstall | Tcheck | Ttotal | Status | Flags |
---|---|---|---|---|---|---|
r-devel-linux-x86_64-debian-clang | 0.2.1 | 1.64 | 18.14 | 19.78 | OK | |
r-devel-linux-x86_64-debian-gcc | 0.2.1 | 1.64 | 17.51 | 19.15 | OK | |
r-devel-linux-x86_64-fedora-clang | 0.2.1 | 31.10 | NOTE | --no-stop-on-test-error | ||
r-devel-linux-x86_64-fedora-gcc | 0.2.1 | 29.67 | NOTE | --no-stop-on-test-error | ||
r-devel-macos-x86_64-clang | 0.2.1 | 27.88 | NOTE | --no-stop-on-test-error | ||
r-devel-windows-ix86+x86_64 | 0.2.1 | 21.00 | 55.00 | 76.00 | NOTE | |
r-patched-linux-x86_64 | 0.2.1 | 1.69 | 16.21 | 17.89 | OK | |
r-patched-solaris-sparc | 0.2.1 | 202.60 | NOTE | |||
r-patched-solaris-x86 | 0.2.1 | 42.60 | NOTE | |||
r-release-linux-x86_64 | 0.2.1 | 1.60 | 16.50 | 18.09 | OK | |
r-release-osx-x86_64-mavericks | 0.2.1 | NOTE | ||||
r-release-windows-ix86+x86_64 | 0.2.1 | 17.00 | 31.00 | 48.00 | NOTE | |
r-oldrel-windows-ix86+x86_64 | 0.2.1 | 13.00 | 30.00 | 43.00 | NOTE |
Version: 0.2.1
Flags: --no-stop-on-test-error
Check: installed package size
Result: NOTE
installed size is 9.9Mb
sub-directories of 1Mb or more:
www 9.7Mb
Flavors: r-devel-linux-x86_64-fedora-clang, r-devel-linux-x86_64-fedora-gcc, r-devel-macos-x86_64-clang
Version: 0.2.1
Check: installed package size
Result: NOTE
installed size is 9.6Mb
sub-directories of 1Mb or more:
www 9.5Mb
Flavors: r-devel-windows-ix86+x86_64, r-patched-solaris-sparc, r-patched-solaris-x86, r-release-osx-x86_64-mavericks, r-release-windows-ix86+x86_64, r-oldrel-windows-ix86+x86_64