CRAN Package Check Results for Package simmer

Last updated on 2016-12-28 23:47:36.

Flavor Version Tinstall Tcheck Ttotal Status Flags
r-devel-linux-x86_64-debian-clang 3.6.0 45.93 48.25 94.18 OK
r-devel-linux-x86_64-debian-gcc 3.5.1 53.52 48.19 101.71 OK
r-devel-linux-x86_64-fedora-clang 3.6.0 99.26 NOTE --no-stop-on-test-error
r-devel-linux-x86_64-fedora-gcc 3.6.0 190.70 NOTE --no-stop-on-test-error
r-devel-macos-x86_64-clang 3.6.0 95.34 NOTE --no-stop-on-test-error
r-devel-windows-ix86+x86_64 3.5.1 204.00 120.00 324.00 OK
r-patched-linux-x86_64 3.5.1 45.59 39.28 84.87 OK
r-patched-solaris-sparc 3.5.1 806.50 OK
r-patched-solaris-x86 3.6.0 162.60 NOTE
r-release-linux-x86_64 3.6.0 45.08 40.69 85.77 OK
r-release-osx-x86_64-mavericks 3.6.0 NOTE
r-release-windows-ix86+x86_64 3.6.0 156.00 117.00 273.00 OK
r-oldrel-windows-ix86+x86_64 3.6.0 113.00 110.00 223.00 NOTE

Memtest notes: gcc6-UBSAN gcc6-UBSAN gcc7-UBSAN gcc7-UBSAN

Check Details

Version: 3.6.0
Flags: --no-stop-on-test-error
Check: installed package size
Result: NOTE
     installed size is 10.3Mb
     sub-directories of 1Mb or more:
     libs 9.2Mb
Flavors: r-devel-linux-x86_64-fedora-clang, r-devel-linux-x86_64-fedora-gcc

Version: 3.6.0
Flags: --no-stop-on-test-error
Check: dependencies in R code
Result: NOTE
    Namespace in Imports field not imported from: ‘R6’
     All declared Imports should be used.
Flavors: r-devel-linux-x86_64-fedora-clang, r-devel-linux-x86_64-fedora-gcc, r-devel-macos-x86_64-clang

Version: 3.6.0
Check: dependencies in R code
Result: NOTE
    Namespace in Imports field not imported from: ‘R6’
     All declared Imports should be used.
Flavors: r-patched-solaris-x86, r-release-osx-x86_64-mavericks, r-oldrel-windows-ix86+x86_64

Version: 3.6.0
Check: installed package size
Result: NOTE
     installed size is 10.0Mb
     sub-directories of 1Mb or more:
     libs 8.9Mb
Flavor: r-release-osx-x86_64-mavericks