CRAN Package Check Results for Package soilphysics

Last updated on 2016-12-28 23:47:37.

Flavor Version Tinstall Tcheck Ttotal Status Flags
r-devel-linux-x86_64-debian-clang 3.0 4.02 78.16 82.18 OK
r-devel-linux-x86_64-debian-gcc 3.0 3.95 78.09 82.04 OK
r-devel-linux-x86_64-fedora-clang 3.0 55.18 OK --no-stop-on-test-error
r-devel-linux-x86_64-fedora-gcc 3.0 53.51 OK --no-stop-on-test-error
r-devel-macos-x86_64-clang 3.0 46.36 OK --no-stop-on-test-error
r-devel-windows-ix86+x86_64 3.0 14.00 102.00 116.00 OK
r-patched-linux-x86_64 3.0 3.92 74.23 78.15 OK
r-patched-solaris-sparc 3.0 300.60 OK
r-patched-solaris-x86 3.0 69.30 OK
r-release-linux-x86_64 3.0 3.90 74.39 78.29 OK
r-release-osx-x86_64-mavericks 3.0 ERROR
r-release-windows-ix86+x86_64 3.0 12.00 93.00 105.00 OK
r-oldrel-windows-ix86+x86_64 3.0 11.00 121.00 132.00 OK

Check Details

Version: 3.0
Check: dependencies in R code
Result: NOTE
    Invalid MIT-MAGIC-COOKIE-1 keyInvalid MIT-MAGIC-COOKIE-1 key
Flavor: r-release-osx-x86_64-mavericks

Version: 3.0
Check: S3 generic/method consistency
Result: WARN
    Invalid MIT-MAGIC-COOKIE-1 keyInvalid MIT-MAGIC-COOKIE-1 key
    See section ‘Generic functions and methods’ in the ‘Writing R
    Extensions’ manual.
Flavor: r-release-osx-x86_64-mavericks

Version: 3.0
Check: replacement functions
Result: WARN
    Invalid MIT-MAGIC-COOKIE-1 keyInvalid MIT-MAGIC-COOKIE-1 key
    The argument of a replacement function which corresponds to the right
    hand side must be named ‘value’.
Flavor: r-release-osx-x86_64-mavericks

Version: 3.0
Check: foreign function calls
Result: NOTE
    Invalid MIT-MAGIC-COOKIE-1 keyInvalid MIT-MAGIC-COOKIE-1 key
    See chapter ‘System and foreign language interfaces’ in the ‘Writing R
    Extensions’ manual.
Flavor: r-release-osx-x86_64-mavericks

Version: 3.0
Check: R code for possible problems
Result: NOTE
    Invalid MIT-MAGIC-COOKIE-1 keyInvalid MIT-MAGIC-COOKIE-1 key
Flavor: r-release-osx-x86_64-mavericks

Version: 3.0
Check: for missing documentation entries
Result: WARN
    Invalid MIT-MAGIC-COOKIE-1 keyInvalid MIT-MAGIC-COOKIE-1 key
    All user-level objects in a package should have documentation entries.
    See chapter ‘Writing R documentation files’ in the ‘Writing R
    Extensions’ manual.
Flavor: r-release-osx-x86_64-mavericks

Version: 3.0
Check: for code/documentation mismatches
Result: WARN
    Invalid MIT-MAGIC-COOKIE-1 keyInvalid MIT-MAGIC-COOKIE-1 key
    Invalid MIT-MAGIC-COOKIE-1 keyInvalid MIT-MAGIC-COOKIE-1 key
    Invalid MIT-MAGIC-COOKIE-1 keyInvalid MIT-MAGIC-COOKIE-1 key
Flavor: r-release-osx-x86_64-mavericks

Version: 3.0
Check: Rd \usage sections
Result: NOTE
    Invalid MIT-MAGIC-COOKIE-1 keyInvalid MIT-MAGIC-COOKIE-1 key
    The \usage entries for S3 methods should use the \method markup and not
    their full name.
    See chapter ‘Writing R documentation files’ in the ‘Writing R
    Extensions’ manual.
Flavor: r-release-osx-x86_64-mavericks

Version: 3.0
Check: examples
Result: ERROR
    Running examples in ‘soilphysics-Ex.R’ failed
    The error most likely occurred in:
    
    > ### Name: fitsoilwater
    > ### Title: Interactive Estimation of van Genuchten's (1980) Model
    > ### Parameters
    > ### Aliases: fitsoilwater
    >
    > ### ** Examples
    >
    > # Liu et al. (2011)
    > h <- c(0.001, 50.65, 293.77, 790.14, 992.74, 5065, 10130, 15195)
    > w <- c(0.5650, 0.4013, 0.2502, 0.2324, 0.2307, 0.1926, 0.1812, 0.1730)
    > fitsoilwater(w, h)
    Error in structure(.External(.C_dotTclObjv, objv), class = "tclObj") :
     [tcl] invalid command name "toplevel".
    Calls: fitsoilwater ... handshake -> fun -> tkwidget -> tcl -> .Tcl.objv -> structure
    Execution halted
Flavor: r-release-osx-x86_64-mavericks