CRAN Package Check Results for Package spaMM

Last updated on 2016-12-28 23:47:37.

Flavor Version Tinstall Tcheck Ttotal Status Flags
r-devel-linux-x86_64-debian-clang 1.10.0 49.50 90.19 139.69 OK
r-devel-linux-x86_64-debian-gcc 1.10.0 50.84 90.34 141.18 OK
r-devel-linux-x86_64-fedora-clang 1.10.0 293.40 NOTE --no-stop-on-test-error
r-devel-linux-x86_64-fedora-gcc 1.10.0 276.48 NOTE --no-stop-on-test-error
r-devel-macos-x86_64-clang 1.10.0 203.43 OK --no-stop-on-test-error
r-devel-windows-ix86+x86_64 1.10.0 169.00 179.00 348.00 OK
r-patched-linux-x86_64 1.10.0 44.09 82.85 126.94 OK
r-patched-solaris-sparc 1.10.0 1172.70 OK
r-patched-solaris-x86 1.10.0 262.90 OK
r-release-linux-x86_64 1.10.0 43.79 82.26 126.05 OK
r-release-osx-x86_64-mavericks 1.10.0 NOTE
r-release-windows-ix86+x86_64 1.10.0 155.00 142.00 297.00 OK
r-oldrel-windows-ix86+x86_64 1.10.0 119.00 197.00 316.00 OK

Check Details

Version: 1.10.0
Flags: --no-stop-on-test-error
Check: installed package size
Result: NOTE
     installed size is 25.3Mb
     sub-directories of 1Mb or more:
     libs 24.2Mb
Flavors: r-devel-linux-x86_64-fedora-clang, r-devel-linux-x86_64-fedora-gcc

Version: 1.10.0
Check: installed package size
Result: NOTE
     installed size is 25.3Mb
     sub-directories of 1Mb or more:
     libs 24.3Mb
Flavor: r-release-osx-x86_64-mavericks