CRAN Package Check Results for Package speciesgeocodeR

Last updated on 2016-12-28 23:47:38.

Flavor Version Tinstall Tcheck Ttotal Status Flags
r-devel-linux-x86_64-debian-clang 1.0-4 2.92 71.50 74.42 OK
r-devel-linux-x86_64-debian-gcc 1.0-4 2.91 68.61 71.52 OK
r-devel-linux-x86_64-fedora-clang 1.0-4 143.10 OK --no-stop-on-test-error
r-devel-linux-x86_64-fedora-gcc 1.0-4 134.29 OK --no-stop-on-test-error
r-devel-macos-x86_64-clang 1.0-4 85.91 OK --no-stop-on-test-error
r-devel-windows-ix86+x86_64 1.0-4 12.00 100.00 112.00 OK
r-patched-linux-x86_64 1.0-4 2.81 62.11 64.92 OK
r-patched-solaris-sparc 1.0-4 706.60 NOTE
r-patched-solaris-x86 1.0-4 134.20 OK
r-release-linux-x86_64 1.0-4 2.64 62.84 65.47 OK
r-release-osx-x86_64-mavericks 1.0-4 NOTE
r-release-windows-ix86+x86_64 1.0-4 11.00 82.00 93.00 OK
r-oldrel-windows-ix86+x86_64 1.0-4 8.00 117.00 125.00 OK

Check Details

Version: 1.0-4
Check: package dependencies
Result: NOTE
    Package suggested but not available for checking: ‘rgbif’
Flavors: r-patched-solaris-sparc, r-release-osx-x86_64-mavericks