CRAN Package Check Results for Package spgrass6

Last updated on 2016-12-28 23:47:38.

Flavor Version Tinstall Tcheck Ttotal Status Flags
r-devel-linux-x86_64-debian-clang 0.8-9 1.46 30.31 31.77 OK
r-devel-linux-x86_64-debian-gcc 0.8-9 1.48 28.53 30.01 OK
r-devel-linux-x86_64-fedora-clang 0.8-9 54.73 OK --no-stop-on-test-error
r-devel-linux-x86_64-fedora-gcc 0.8-9 49.20 OK --no-stop-on-test-error
r-devel-macos-x86_64-clang 0.8-9 38.09 OK --no-stop-on-test-error
r-devel-windows-ix86+x86_64 0.8-9 7.00 53.00 60.00 OK
r-patched-linux-x86_64 0.8-9 1.21 26.22 27.43 OK
r-patched-solaris-sparc 0.8-9 258.30 OK
r-patched-solaris-x86 0.8-9 60.10 OK
r-release-linux-x86_64 0.8-9 1.39 25.20 26.59 OK
r-release-osx-x86_64-mavericks 0.8-9 NOTE
r-release-windows-ix86+x86_64 0.8-9 5.00 45.00 50.00 OK
r-oldrel-windows-ix86+x86_64 0.8-9 4.00 56.00 60.00 OK

Check Details

Version: 0.8-9
Check: package dependencies
Result: NOTE
    Package suggested but not available for checking: ‘rgdal’
Flavor: r-release-osx-x86_64-mavericks