CRAN Package Check Results for Package srd

Last updated on 2016-12-28 23:47:38.

Flavor Version Tinstall Tcheck Ttotal Status Flags
r-devel-linux-x86_64-debian-clang 1.0 3.53 38.19 41.72 WARN
r-devel-linux-x86_64-debian-gcc 1.0 3.56 38.25 41.81 WARN
r-devel-linux-x86_64-fedora-clang 1.0 130.50 WARN --no-stop-on-test-error
r-devel-linux-x86_64-fedora-gcc 1.0 98.83 WARN --no-stop-on-test-error
r-devel-macos-x86_64-clang 1.0 70.03 WARN --no-stop-on-test-error
r-devel-windows-ix86+x86_64 1.0 17.00 124.00 141.00 NOTE
r-patched-linux-x86_64 1.0 3.12 36.99 40.11 NOTE
r-patched-solaris-sparc 1.0 507.80 NOTE
r-patched-solaris-x86 1.0 121.30 NOTE
r-release-linux-x86_64 1.0 3.22 35.79 39.02 NOTE
r-release-osx-x86_64-mavericks 1.0 NOTE
r-release-windows-ix86+x86_64 1.0 14.00 88.00 102.00 NOTE
r-oldrel-windows-ix86+x86_64 1.0 11.00 99.00 110.00 NOTE

Check Details

Version: 1.0
Check: whether package can be installed
Result: WARN
    Found the following significant warnings:
     Warning: CHARACTER expression will be truncated in assignment (8/9) at (1) [-Wcharacter-truncation]
Flavors: r-devel-linux-x86_64-debian-clang, r-devel-linux-x86_64-debian-gcc

Version: 1.0
Check: DESCRIPTION meta-information
Result: NOTE
    Malformed Description field: should contain one or more complete sentences.
Flavors: r-devel-linux-x86_64-debian-clang, r-devel-linux-x86_64-debian-gcc, r-devel-windows-ix86+x86_64, r-patched-linux-x86_64, r-patched-solaris-sparc, r-patched-solaris-x86, r-release-linux-x86_64, r-release-osx-x86_64-mavericks, r-release-windows-ix86+x86_64, r-oldrel-windows-ix86+x86_64

Version: 1.0
Check: R code for possible problems
Result: NOTE
    draw.srd: no visible global function definition for ‘complete.cases’
    draw.srd: no visible global function definition for ‘runif’
    draw.srd: no visible global function definition for ‘arrows’
    draw.srd: no visible global function definition for ‘text’
    draw.srd: no visible global function definition for ‘segments’
    draw.srd.enc: no visible global function definition for ‘par’
    draw.srd.enc: no visible global function definition for ‘plot.new’
    draw.srd.enc: no visible global function definition for ‘plot.window’
    draw.srd.enc: no visible global function definition for ‘rgb’
    draw.srd.enc: no visible global function definition for ‘polygon’
    draw.srd.enc: no visible global function definition for ‘pchisq’
    draw.srd.enc: no visible global function definition for ‘text’
    draw.srd.enc: no visible global function definition for ‘title’
    draw.srd.enc: no visible global function definition for ‘arrows’
    drawcell: no visible global function definition for ‘polygon’
    drawcell: no visible global function definition for ‘segments’
    rotate.srd: no visible global function definition for ‘devAskNewPage’
    srd: no visible global function definition for ‘devAskNewPage’
    Undefined global functions or variables:
     arrows complete.cases devAskNewPage par pchisq plot.new plot.window
     polygon rgb runif segments text title
    Consider adding
     importFrom("grDevices", "devAskNewPage", "rgb")
     importFrom("graphics", "arrows", "par", "plot.new", "plot.window",
     "polygon", "segments", "text", "title")
     importFrom("stats", "complete.cases", "pchisq", "runif")
    to your NAMESPACE file.
Flavors: r-devel-linux-x86_64-debian-clang, r-devel-linux-x86_64-debian-gcc, r-devel-windows-ix86+x86_64, r-patched-linux-x86_64, r-patched-solaris-sparc, r-patched-solaris-x86, r-release-linux-x86_64, r-release-osx-x86_64-mavericks, r-release-windows-ix86+x86_64

Version: 1.0
Flags: --no-stop-on-test-error
Check: whether package can be installed
Result: WARN
    Found the following significant warnings:
     Warning: CHARACTER expression will be truncated in assignment (8/9) at (1) [-Wcharacter-truncation]
Flavors: r-devel-linux-x86_64-fedora-clang, r-devel-linux-x86_64-fedora-gcc, r-devel-macos-x86_64-clang

Version: 1.0
Flags: --no-stop-on-test-error
Check: DESCRIPTION meta-information
Result: NOTE
    Malformed Description field: should contain one or more complete sentences.
Flavors: r-devel-linux-x86_64-fedora-clang, r-devel-linux-x86_64-fedora-gcc, r-devel-macos-x86_64-clang

Version: 1.0
Flags: --no-stop-on-test-error
Check: R code for possible problems
Result: NOTE
    draw.srd: no visible global function definition for ‘complete.cases’
    draw.srd: no visible global function definition for ‘runif’
    draw.srd: no visible global function definition for ‘arrows’
    draw.srd: no visible global function definition for ‘text’
    draw.srd: no visible global function definition for ‘segments’
    draw.srd.enc: no visible global function definition for ‘par’
    draw.srd.enc: no visible global function definition for ‘plot.new’
    draw.srd.enc: no visible global function definition for ‘plot.window’
    draw.srd.enc: no visible global function definition for ‘rgb’
    draw.srd.enc: no visible global function definition for ‘polygon’
    draw.srd.enc: no visible global function definition for ‘pchisq’
    draw.srd.enc: no visible global function definition for ‘text’
    draw.srd.enc: no visible global function definition for ‘title’
    draw.srd.enc: no visible global function definition for ‘arrows’
    drawcell: no visible global function definition for ‘polygon’
    drawcell: no visible global function definition for ‘segments’
    rotate.srd: no visible global function definition for ‘devAskNewPage’
    srd: no visible global function definition for ‘devAskNewPage’
    Undefined global functions or variables:
     arrows complete.cases devAskNewPage par pchisq plot.new plot.window
     polygon rgb runif segments text title
    Consider adding
     importFrom("grDevices", "devAskNewPage", "rgb")
     importFrom("graphics", "arrows", "par", "plot.new", "plot.window",
     "polygon", "segments", "text", "title")
     importFrom("stats", "complete.cases", "pchisq", "runif")
    to your NAMESPACE file.
Flavors: r-devel-linux-x86_64-fedora-clang, r-devel-linux-x86_64-fedora-gcc, r-devel-macos-x86_64-clang