Last updated on 2016-12-28 23:47:38.
Flavor | Version | Tinstall | Tcheck | Ttotal | Status | Flags |
---|---|---|---|---|---|---|
r-devel-linux-x86_64-debian-clang | 0.2.0 | 1.70 | 43.11 | 44.81 | OK | |
r-devel-linux-x86_64-debian-gcc | 0.2.0 | 1.74 | 42.65 | 44.39 | OK | |
r-devel-linux-x86_64-fedora-clang | 0.2.0 | 115.76 | OK | --no-stop-on-test-error | ||
r-devel-linux-x86_64-fedora-gcc | 0.2.0 | 90.00 | OK | --no-stop-on-test-error | ||
r-devel-macos-x86_64-clang | 0.2.0 | 70.18 | OK | --no-stop-on-test-error | ||
r-devel-windows-ix86+x86_64 | 0.2.0 | 7.00 | 89.00 | 96.00 | OK | |
r-patched-linux-x86_64 | 0.2.0 | 1.75 | 31.73 | 33.48 | OK | |
r-patched-solaris-sparc | 0.2.0 | 372.10 | NOTE | |||
r-patched-solaris-x86 | 0.2.0 | 92.70 | NOTE | |||
r-release-linux-x86_64 | 0.2.0 | 1.67 | 31.96 | 33.63 | OK | |
r-release-osx-x86_64-mavericks | 0.2.0 | OK | ||||
r-release-windows-ix86+x86_64 | 0.2.0 | 7.00 | 63.00 | 70.00 | OK | |
r-oldrel-windows-ix86+x86_64 | 0.2.0 | 5.00 | 60.00 | 65.00 | OK |
Version: 0.2.0
Check: package dependencies
Result: NOTE
Package suggested but not available for checking: ‘MonetDBLite’
Flavors: r-patched-solaris-sparc, r-patched-solaris-x86