CRAN Package Check Results for Package sspse

Last updated on 2016-12-28 23:47:38.

Flavor Version Tinstall Tcheck Ttotal Status Flags
r-devel-linux-x86_64-debian-clang 0.5-1 6.60 20.65 27.25 NOTE
r-devel-linux-x86_64-debian-gcc 0.5-1 7.60 20.46 28.06 NOTE
r-devel-linux-x86_64-fedora-clang 0.5-1 57.91 NOTE --no-stop-on-test-error
r-devel-linux-x86_64-fedora-gcc 0.5-1 45.16 NOTE --no-stop-on-test-error
r-devel-macos-x86_64-clang 0.5-1 36.47 NOTE --no-stop-on-test-error
r-devel-windows-ix86+x86_64 0.5-1 38.00 59.00 97.00 NOTE
r-patched-linux-x86_64 0.5-1 7.05 17.97 25.02 NOTE
r-patched-solaris-sparc 0.5-1 254.80 NOTE
r-patched-solaris-x86 0.5-1 74.50 NOTE
r-release-linux-x86_64 0.5-1 6.93 18.23 25.16 NOTE
r-release-osx-x86_64-mavericks 0.5-1 NOTE
r-release-windows-ix86+x86_64 0.5-1 29.00 40.00 69.00 NOTE
r-oldrel-windows-ix86+x86_64 0.5-1 26.00 58.00 84.00 OK

Check Details

Version: 0.5-1
Check: R code for possible problems
Result: NOTE
    HPD.density: no visible global function definition for ‘density’
    akestN: no visible global function definition for ‘uniroot’
    beginparallel: no visible global function definition for
     ‘flush.console’
    bgk_kde: no visible global function definition for ‘hist’
    bgk_kde : dct1d: no visible global function definition for ‘fft’
    bgk_kde: no visible global function definition for ‘uniroot’
    bgk_kde : idct1d: no visible global function definition for ‘fft’
    bnwnest: no visible global function definition for ‘uniroot’
    cmp.natural: no visible global function definition for ‘optim’
    cmpmle: no visible global function definition for ‘optim’
    dsizeprior: no visible global function definition for ‘qnbinom’
    dsizeprior: no visible global function definition for ‘dnbinom’
    dsizeprior: no visible global function definition for ‘optimize’
    dsizeprior: no visible global function definition for ‘optim’
    dsizeprior: no visible global function definition for ‘spline’
    likelihoodsize: no visible global function definition for ‘quantile’
    likelihoodsize: no visible global function definition for ‘median’
    ll.density: no visible global function definition for ‘density’
    ll.density: no visible global function definition for ‘spline’
    mleNest: no visible global function definition for ‘optim’
    mode.density: no visible global function definition for ‘density’
    plot.sspse: no visible global function definition for ‘plot’
    plot.sspse: no visible global function definition for ‘spline’
    plot.sspse: no visible global function definition for ‘quantile’
    plot.sspse: no visible global function definition for ‘legend’
    plot.sspse: no visible global function definition for ‘abline’
    plot.sspse: no visible global function definition for ‘lines’
    plot.sspse: no visible global function definition for ‘par’
    plot.sspse: no visible global function definition for ‘text’
    plot.sspse: no visible binding for global variable ‘median’
    plot.sspse: no visible global function definition for ‘density’
    plot.sspse: no visible global function definition for ‘barplot’
    posnbinom: no visible global function definition for ‘dnbinom’
    posnbinom : mapfn: no visible global function definition for ‘density’
    pospln: no visible global function definition for ‘dnbinom’
    pospln : mapfn: no visible global function definition for ‘density’
    posteriornbinom : mapfn: no visible global function definition for
     ‘spline’
    posteriornbinom : mapfn: no visible global function definition for
     ‘density’
    posteriorsize: no visible global function definition for ‘quantile’
    posteriorsize: no visible binding for global variable ‘median’
    posteriorsize: no visible global function definition for ‘median’
    print.summary.sspse: no visible global function definition for
     ‘printCoefmat’
    priorsize: no visible global function definition for ‘quantile’
    priorsize: no visible global function definition for ‘rchisq’
    priorsize: no visible global function definition for ‘rnorm’
    priorsize: no visible global function definition for ‘var’
    summary.sspse: no visible global function definition for ‘spline’
    Undefined global functions or variables:
     abline barplot density dnbinom fft flush.console hist legend lines
     median optim optimize par plot printCoefmat qnbinom quantile rchisq
     rnorm spline text uniroot var
    Consider adding
     importFrom("graphics", "abline", "barplot", "hist", "legend", "lines",
     "par", "plot", "text")
     importFrom("stats", "density", "dnbinom", "fft", "median", "optim",
     "optimize", "printCoefmat", "qnbinom", "quantile", "rchisq",
     "rnorm", "spline", "uniroot", "var")
     importFrom("utils", "flush.console")
    to your NAMESPACE file.
Flavors: r-devel-linux-x86_64-debian-clang, r-devel-linux-x86_64-debian-gcc, r-devel-windows-ix86+x86_64, r-patched-linux-x86_64, r-patched-solaris-sparc, r-patched-solaris-x86, r-release-linux-x86_64, r-release-osx-x86_64-mavericks, r-release-windows-ix86+x86_64

Version: 0.5-1
Flags: --no-stop-on-test-error
Check: R code for possible problems
Result: NOTE
    HPD.density: no visible global function definition for ‘density’
    akestN: no visible global function definition for ‘uniroot’
    beginparallel: no visible global function definition for
     ‘flush.console’
    bgk_kde: no visible global function definition for ‘hist’
    bgk_kde : dct1d: no visible global function definition for ‘fft’
    bgk_kde: no visible global function definition for ‘uniroot’
    bgk_kde : idct1d: no visible global function definition for ‘fft’
    bnwnest: no visible global function definition for ‘uniroot’
    cmp.natural: no visible global function definition for ‘optim’
    cmpmle: no visible global function definition for ‘optim’
    dsizeprior: no visible global function definition for ‘qnbinom’
    dsizeprior: no visible global function definition for ‘dnbinom’
    dsizeprior: no visible global function definition for ‘optimize’
    dsizeprior: no visible global function definition for ‘optim’
    dsizeprior: no visible global function definition for ‘spline’
    likelihoodsize: no visible global function definition for ‘quantile’
    likelihoodsize: no visible global function definition for ‘median’
    ll.density: no visible global function definition for ‘density’
    ll.density: no visible global function definition for ‘spline’
    mleNest: no visible global function definition for ‘optim’
    mode.density: no visible global function definition for ‘density’
    plot.sspse: no visible global function definition for ‘plot’
    plot.sspse: no visible global function definition for ‘spline’
    plot.sspse: no visible global function definition for ‘quantile’
    plot.sspse: no visible global function definition for ‘legend’
    plot.sspse: no visible global function definition for ‘abline’
    plot.sspse: no visible global function definition for ‘lines’
    plot.sspse: no visible global function definition for ‘par’
    plot.sspse: no visible global function definition for ‘text’
    plot.sspse: no visible binding for global variable ‘median’
    plot.sspse: no visible global function definition for ‘density’
    plot.sspse: no visible global function definition for ‘barplot’
    posnbinom: no visible global function definition for ‘dnbinom’
    posnbinom : mapfn: no visible global function definition for ‘density’
    pospln: no visible global function definition for ‘dnbinom’
    pospln : mapfn: no visible global function definition for ‘density’
    posteriornbinom : mapfn: no visible global function definition for
     ‘spline’
    posteriornbinom : mapfn: no visible global function definition for
     ‘density’
    posteriorsize: no visible global function definition for ‘quantile’
    posteriorsize: no visible binding for global variable ‘median’
    posteriorsize: no visible global function definition for ‘median’
    print.summary.sspse: no visible global function definition for
     ‘printCoefmat’
    priorsize: no visible global function definition for ‘quantile’
    priorsize: no visible global function definition for ‘rchisq’
    priorsize: no visible global function definition for ‘rnorm’
    priorsize: no visible global function definition for ‘var’
    summary.sspse: no visible global function definition for ‘spline’
    Undefined global functions or variables:
     abline barplot density dnbinom fft flush.console hist legend lines
     median optim optimize par plot printCoefmat qnbinom quantile rchisq
     rnorm spline text uniroot var
    Consider adding
     importFrom("graphics", "abline", "barplot", "hist", "legend", "lines",
     "par", "plot", "text")
     importFrom("stats", "density", "dnbinom", "fft", "median", "optim",
     "optimize", "printCoefmat", "qnbinom", "quantile", "rchisq",
     "rnorm", "spline", "uniroot", "var")
     importFrom("utils", "flush.console")
    to your NAMESPACE file.
Flavors: r-devel-linux-x86_64-fedora-clang, r-devel-linux-x86_64-fedora-gcc, r-devel-macos-x86_64-clang