Last updated on 2016-12-28 23:47:39.
Flavor | Version | Tinstall | Tcheck | Ttotal | Status | Flags |
---|---|---|---|---|---|---|
r-devel-linux-x86_64-debian-clang | 1.13.0 | 23.33 | 338.15 | 361.48 | NOTE | |
r-devel-linux-x86_64-debian-gcc | 1.13.0 | 21.95 | 332.46 | 354.41 | NOTE | |
r-devel-linux-x86_64-fedora-clang | 1.13.0 | 697.93 | NOTE | --no-stop-on-test-error | ||
r-devel-linux-x86_64-fedora-gcc | 1.13.0 | 670.86 | NOTE | --no-stop-on-test-error | ||
r-devel-macos-x86_64-clang | 1.13.0 | 517.37 | NOTE | --no-stop-on-test-error | ||
r-devel-windows-ix86+x86_64 | 1.13.0 | 72.00 | 758.00 | 830.00 | NOTE | |
r-patched-linux-x86_64 | 1.13.0 | 20.66 | 299.62 | 320.28 | NOTE | |
r-patched-solaris-sparc | 1.13.0 | 3374.80 | NOTE | |||
r-patched-solaris-x86 | 1.13.0 | 715.00 | NOTE | |||
r-release-linux-x86_64 | 1.13.0 | 19.94 | 311.58 | 331.52 | NOTE | |
r-release-osx-x86_64-mavericks | 1.13.0 | NOTE | ||||
r-release-windows-ix86+x86_64 | 1.13.0 | 92.00 | 642.00 | 734.00 | NOTE | |
r-oldrel-windows-ix86+x86_64 | 1.13.0 | 63.00 | 713.00 | 776.00 | NOTE |
Version: 1.13.0
Check: package dependencies
Result: NOTE
Package suggested but not available for checking: ‘INLA’
Flavors: r-devel-linux-x86_64-debian-clang, r-devel-linux-x86_64-debian-gcc, r-patched-linux-x86_64, r-patched-solaris-sparc, r-patched-solaris-x86, r-release-linux-x86_64, r-release-osx-x86_64-mavericks
Version: 1.13.0
Flags: --no-stop-on-test-error
Check: installed package size
Result: NOTE
installed size is 6.8Mb
sub-directories of 1Mb or more:
doc 2.3Mb
libs 1.2Mb
Flavors: r-devel-linux-x86_64-fedora-clang, r-devel-linux-x86_64-fedora-gcc, r-devel-macos-x86_64-clang
Version: 1.13.0
Check: installed package size
Result: NOTE
installed size is 7.0Mb
sub-directories of 1Mb or more:
doc 2.3Mb
libs 1.6Mb
Flavors: r-devel-windows-ix86+x86_64, r-patched-solaris-sparc, r-patched-solaris-x86, r-release-osx-x86_64-mavericks, r-release-windows-ix86+x86_64, r-oldrel-windows-ix86+x86_64
Version: 1.13.0
Check: package dependencies
Result: NOTE
Package suggested but not available for checking: 'gpclib'
Flavor: r-oldrel-windows-ix86+x86_64
Version: 1.13.0
Check: Rd cross-references
Result: NOTE
Package unavailable to check Rd xrefs: 'gpclib'
Flavor: r-oldrel-windows-ix86+x86_64