Last updated on 2016-12-28 23:47:39.
Flavor | Version | Tinstall | Tcheck | Ttotal | Status | Flags |
---|---|---|---|---|---|---|
r-devel-linux-x86_64-debian-clang | 1.0 | 2.24 | 25.28 | 27.52 | NOTE | |
r-devel-linux-x86_64-debian-gcc | 1.0 | 2.30 | 25.37 | 27.67 | NOTE | |
r-devel-linux-x86_64-fedora-clang | 1.0 | 63.81 | NOTE | --no-stop-on-test-error | ||
r-devel-linux-x86_64-fedora-gcc | 1.0 | 61.77 | NOTE | --no-stop-on-test-error | ||
r-devel-macos-x86_64-clang | 1.0 | 47.05 | NOTE | --no-stop-on-test-error | ||
r-devel-windows-ix86+x86_64 | 1.0 | 8.00 | 70.00 | 78.00 | NOTE | |
r-patched-linux-x86_64 | 1.0 | 2.00 | 22.78 | 24.78 | NOTE | |
r-patched-solaris-sparc | 1.0 | 315.20 | NOTE | |||
r-patched-solaris-x86 | 1.0 | 71.20 | NOTE | |||
r-release-linux-x86_64 | 1.0 | 2.18 | 22.72 | 24.90 | NOTE | |
r-release-osx-x86_64-mavericks | 1.0 | NOTE | ||||
r-release-windows-ix86+x86_64 | 1.0 | 8.00 | 43.00 | 51.00 | NOTE | |
r-oldrel-windows-ix86+x86_64 | 1.0 | 7.00 | 61.00 | 68.00 | NOTE |
Version: 1.0
Check: DESCRIPTION meta-information
Result: NOTE
Malformed Description field: should contain one or more complete sentences.
Flavors: r-devel-linux-x86_64-debian-clang, r-devel-linux-x86_64-debian-gcc, r-devel-windows-ix86+x86_64, r-patched-linux-x86_64, r-patched-solaris-sparc, r-patched-solaris-x86, r-release-linux-x86_64, r-release-osx-x86_64-mavericks, r-release-windows-ix86+x86_64, r-oldrel-windows-ix86+x86_64
Version: 1.0
Check: dependencies in R code
Result: NOTE
Package in Depends field not imported from: ‘survival’
These packages need to be imported from (in the NAMESPACE file)
for when this namespace is loaded but not attached.
Flavors: r-devel-linux-x86_64-debian-clang, r-devel-linux-x86_64-debian-gcc, r-devel-windows-ix86+x86_64, r-patched-linux-x86_64, r-patched-solaris-sparc, r-patched-solaris-x86, r-release-linux-x86_64, r-release-osx-x86_64-mavericks, r-release-windows-ix86+x86_64, r-oldrel-windows-ix86+x86_64
Version: 1.0
Check: R code for possible problems
Result: NOTE
AER: no visible binding for global variable ‘survexp.fr’
AER: no visible global function definition for ‘na.omit’
AER: no visible global function definition for ‘survexp’
AER: no visible global function definition for ‘poisson’
AER: no visible global function definition for ‘glm’
AER: no visible global function definition for ‘qnorm’
LR: no visible binding for global variable ‘survexp.fr’
LR: no visible global function definition for ‘na.omit’
LR: no visible global function definition for ‘survexp’
LR: no visible global function definition for ‘pchisq’
SMR: no visible binding for global variable ‘survexp.fr’
SMR: no visible global function definition for ‘na.omit’
SMR: no visible global function definition for ‘survexp’
SMR: no visible global function definition for ‘qnorm’
SMR: no visible global function definition for ‘pchisq’
SMR: no visible global function definition for ‘glm’
SMR: no visible binding for global variable ‘poisson’
survexp_plot: no visible binding for global variable ‘survexp.fr’
survexp_plot: no visible global function definition for ‘na.omit’
survexp_plot: no visible global function definition for ‘par’
survexp_plot: no visible global function definition for ‘survfit’
survexp_plot: no visible global function definition for ‘plot’
survexp_plot: no visible global function definition for ‘survexp’
survexp_plot: no visible global function definition for ‘lines’
survexp_plot: no visible global function definition for ‘legend’
survexp_plot: no visible global function definition for ‘curve’
survexp_plot: no visible global function definition for ‘arrows’
survexp_plot: no visible global function definition for ‘points’
Undefined global functions or variables:
arrows curve glm legend lines na.omit par pchisq plot points poisson
qnorm survexp survexp.fr survfit
Consider adding
importFrom("graphics", "arrows", "curve", "legend", "lines", "par",
"plot", "points")
importFrom("stats", "glm", "na.omit", "pchisq", "poisson", "qnorm")
to your NAMESPACE file.
Flavors: r-devel-linux-x86_64-debian-clang, r-devel-linux-x86_64-debian-gcc, r-devel-windows-ix86+x86_64, r-patched-linux-x86_64, r-patched-solaris-sparc, r-patched-solaris-x86, r-release-linux-x86_64, r-release-osx-x86_64-mavericks, r-release-windows-ix86+x86_64
Version: 1.0
Flags: --no-stop-on-test-error
Check: DESCRIPTION meta-information
Result: NOTE
Malformed Description field: should contain one or more complete sentences.
Flavors: r-devel-linux-x86_64-fedora-clang, r-devel-linux-x86_64-fedora-gcc, r-devel-macos-x86_64-clang
Version: 1.0
Flags: --no-stop-on-test-error
Check: dependencies in R code
Result: NOTE
Package in Depends field not imported from: ‘survival’
These packages need to be imported from (in the NAMESPACE file)
for when this namespace is loaded but not attached.
Flavors: r-devel-linux-x86_64-fedora-clang, r-devel-linux-x86_64-fedora-gcc, r-devel-macos-x86_64-clang
Version: 1.0
Flags: --no-stop-on-test-error
Check: R code for possible problems
Result: NOTE
AER: no visible binding for global variable ‘survexp.fr’
AER: no visible global function definition for ‘na.omit’
AER: no visible global function definition for ‘survexp’
AER: no visible global function definition for ‘poisson’
AER: no visible global function definition for ‘glm’
AER: no visible global function definition for ‘qnorm’
LR: no visible binding for global variable ‘survexp.fr’
LR: no visible global function definition for ‘na.omit’
LR: no visible global function definition for ‘survexp’
LR: no visible global function definition for ‘pchisq’
SMR: no visible binding for global variable ‘survexp.fr’
SMR: no visible global function definition for ‘na.omit’
SMR: no visible global function definition for ‘survexp’
SMR: no visible global function definition for ‘qnorm’
SMR: no visible global function definition for ‘pchisq’
SMR: no visible global function definition for ‘glm’
SMR: no visible binding for global variable ‘poisson’
survexp_plot: no visible binding for global variable ‘survexp.fr’
survexp_plot: no visible global function definition for ‘na.omit’
survexp_plot: no visible global function definition for ‘par’
survexp_plot: no visible global function definition for ‘survfit’
survexp_plot: no visible global function definition for ‘plot’
survexp_plot: no visible global function definition for ‘survexp’
survexp_plot: no visible global function definition for ‘lines’
survexp_plot: no visible global function definition for ‘legend’
survexp_plot: no visible global function definition for ‘curve’
survexp_plot: no visible global function definition for ‘arrows’
survexp_plot: no visible global function definition for ‘points’
Undefined global functions or variables:
arrows curve glm legend lines na.omit par pchisq plot points poisson
qnorm survexp survexp.fr survfit
Consider adding
importFrom("graphics", "arrows", "curve", "legend", "lines", "par",
"plot", "points")
importFrom("stats", "glm", "na.omit", "pchisq", "poisson", "qnorm")
to your NAMESPACE file.
Flavors: r-devel-linux-x86_64-fedora-clang, r-devel-linux-x86_64-fedora-gcc, r-devel-macos-x86_64-clang
Version: 1.0
Check: R code for possible problems
Result: NOTE
AER: no visible binding for global variable 'survexp.fr'
AER: no visible global function definition for 'survexp'
LR: no visible binding for global variable 'survexp.fr'
LR: no visible global function definition for 'survexp'
SMR: no visible binding for global variable 'survexp.fr'
SMR: no visible global function definition for 'survexp'
survexp_plot: no visible binding for global variable 'survexp.fr'
survexp_plot: no visible global function definition for 'survfit'
survexp_plot: no visible global function definition for 'survexp'
Flavor: r-oldrel-windows-ix86+x86_64