Last updated on 2016-12-28 23:47:39.
Flavor | Version | Tinstall | Tcheck | Ttotal | Status | Flags |
---|---|---|---|---|---|---|
r-devel-linux-x86_64-debian-clang | 2.40-1 | 25.77 | 217.21 | 242.98 | OK | |
r-devel-linux-x86_64-debian-gcc | 2.40-1 | 24.40 | 209.27 | 233.67 | OK | |
r-devel-linux-x86_64-fedora-clang | 2.40-1 | 524.60 | NOTE | --no-stop-on-test-error | ||
r-devel-linux-x86_64-fedora-gcc | 2.40-1 | 508.09 | NOTE | --no-stop-on-test-error | ||
r-devel-macos-x86_64-clang | 2.40-1 | 273.92 | NOTE | --no-stop-on-test-error | ||
r-devel-windows-ix86+x86_64 | 2.40-1 | 93.00 | 683.00 | 776.00 | NOTE | |
r-patched-linux-x86_64 | 2.40-1 | 21.36 | 202.54 | 223.90 | OK | |
r-patched-solaris-sparc | 2.40-1 | NOTE | ||||
r-patched-solaris-x86 | 2.40-1 | NOTE | ||||
r-release-linux-x86_64 | 2.40-1 | 20.84 | 200.86 | 221.70 | OK | |
r-release-osx-x86_64-mavericks | 2.40-1 | NOTE | ||||
r-release-windows-ix86+x86_64 | 2.40-1 | 88.00 | 444.00 | 532.00 | NOTE | |
r-oldrel-windows-ix86+x86_64 | 2.40-1 | 78.00 | 733.00 | 811.00 | NOTE |
Memtest notes: valgrind
Version: 2.40-1
Flags: --no-stop-on-test-error
Check: installed package size
Result: NOTE
installed size is 6.1Mb
sub-directories of 1Mb or more:
data 1.9Mb
doc 2.5Mb
Flavors: r-devel-linux-x86_64-fedora-clang, r-devel-linux-x86_64-fedora-gcc, r-devel-macos-x86_64-clang
Version: 2.40-1
Check: installed package size
Result: NOTE
installed size is 5.9Mb
sub-directories of 1Mb or more:
data 1.9Mb
doc 2.5Mb
Flavors: r-devel-windows-ix86+x86_64, r-patched-solaris-sparc, r-patched-solaris-x86, r-release-osx-x86_64-mavericks, r-release-windows-ix86+x86_64, r-oldrel-windows-ix86+x86_64