Last updated on 2016-12-28 23:47:40.
Flavor | Version | Tinstall | Tcheck | Ttotal | Status | Flags |
---|---|---|---|---|---|---|
r-devel-linux-x86_64-debian-clang | 0.11 | 1.24 | 25.43 | 26.68 | NOTE | |
r-devel-linux-x86_64-debian-gcc | 0.11 | 1.54 | 24.77 | 26.31 | NOTE | |
r-devel-linux-x86_64-fedora-clang | 0.11 | 41.76 | NOTE | --no-stop-on-test-error | ||
r-devel-linux-x86_64-fedora-gcc | 0.11 | 39.51 | NOTE | --no-stop-on-test-error | ||
r-devel-macos-x86_64-clang | 0.11 | 33.09 | NOTE | --no-stop-on-test-error | ||
r-devel-windows-ix86+x86_64 | 0.11 | 6.00 | 51.00 | 57.00 | NOTE | |
r-patched-linux-x86_64 | 0.11 | 1.11 | 17.42 | 18.53 | NOTE | |
r-patched-solaris-sparc | 0.11 | 206.50 | NOTE | |||
r-patched-solaris-x86 | 0.11 | 47.50 | NOTE | |||
r-release-linux-x86_64 | 0.11 | 1.16 | 17.64 | 18.80 | NOTE | |
r-release-osx-x86_64-mavericks | 0.11 | NOTE | ||||
r-release-windows-ix86+x86_64 | 0.11 | 5.00 | 37.00 | 42.00 | NOTE | |
r-oldrel-windows-ix86+x86_64 | 0.11 | 4.00 | 36.00 | 40.00 | OK |
Version: 0.11
Check: R code for possible problems
Result: NOTE
makeCircles: no visible global function definition for ‘quantile’
targetDiagram: no visible global function definition for ‘as.formula’
targetDiagram: no visible global function definition for ‘modifyList’
targetDiagram: no visible global function definition for ‘extendrange’
tdStats : sdo: no visible global function definition for ‘sd’
tdStats : sdm: no visible global function definition for ‘sd’
tdStats : r2: no visible global function definition for ‘cor’
Undefined global functions or variables:
as.formula cor extendrange modifyList quantile sd
Consider adding
importFrom("grDevices", "extendrange")
importFrom("stats", "as.formula", "cor", "quantile", "sd")
importFrom("utils", "modifyList")
to your NAMESPACE file.
Flavors: r-devel-linux-x86_64-debian-clang, r-devel-linux-x86_64-debian-gcc, r-devel-windows-ix86+x86_64, r-patched-linux-x86_64, r-patched-solaris-sparc, r-patched-solaris-x86, r-release-linux-x86_64, r-release-osx-x86_64-mavericks, r-release-windows-ix86+x86_64
Version: 0.11
Flags: --no-stop-on-test-error
Check: R code for possible problems
Result: NOTE
makeCircles: no visible global function definition for ‘quantile’
targetDiagram: no visible global function definition for ‘as.formula’
targetDiagram: no visible global function definition for ‘modifyList’
targetDiagram: no visible global function definition for ‘extendrange’
tdStats : sdo: no visible global function definition for ‘sd’
tdStats : sdm: no visible global function definition for ‘sd’
tdStats : r2: no visible global function definition for ‘cor’
Undefined global functions or variables:
as.formula cor extendrange modifyList quantile sd
Consider adding
importFrom("grDevices", "extendrange")
importFrom("stats", "as.formula", "cor", "quantile", "sd")
importFrom("utils", "modifyList")
to your NAMESPACE file.
Flavors: r-devel-linux-x86_64-fedora-clang, r-devel-linux-x86_64-fedora-gcc, r-devel-macos-x86_64-clang