Last updated on 2016-12-28 23:47:40.
Flavor | Version | Tinstall | Tcheck | Ttotal | Status | Flags |
---|---|---|---|---|---|---|
r-devel-linux-x86_64-debian-clang | 1.0-4 | 0.97 | 12.81 | 13.78 | OK | |
r-devel-linux-x86_64-debian-gcc | 1.0-4 | 1.10 | 12.55 | 13.66 | OK | |
r-devel-linux-x86_64-fedora-clang | 1.0-4 | 23.03 | NOTE | --no-stop-on-test-error | ||
r-devel-linux-x86_64-fedora-gcc | 1.0-4 | 22.07 | NOTE | --no-stop-on-test-error | ||
r-devel-macos-x86_64-clang | 1.0-4 | 19.06 | NOTE | --no-stop-on-test-error | ||
r-devel-windows-ix86+x86_64 | 1.0-4 | 3.00 | 28.00 | 31.00 | OK | |
r-patched-linux-x86_64 | 1.0-4 | 0.92 | 10.40 | 11.31 | OK | |
r-patched-solaris-sparc | 1.0-4 | 114.10 | NOTE | |||
r-patched-solaris-x86 | 1.0-4 | 26.00 | NOTE | |||
r-release-linux-x86_64 | 1.0-4 | 0.96 | 11.29 | 12.25 | OK | |
r-release-osx-x86_64-mavericks | 1.0-4 | NOTE | ||||
r-release-windows-ix86+x86_64 | 1.0-4 | 5.00 | 35.00 | 40.00 | OK | |
r-oldrel-windows-ix86+x86_64 | 1.0-4 | 5.00 | 85.00 | 90.00 | NOTE |
Version: 1.0-4
Flags: --no-stop-on-test-error
Check: data for non-ASCII characters
Result: NOTE
Note: found 10051 marked UTF-8 strings
Note: found 10523 strings marked as "bytes"
Flavors: r-devel-linux-x86_64-fedora-clang, r-devel-linux-x86_64-fedora-gcc, r-devel-macos-x86_64-clang
Version: 1.0-4
Check: data for non-ASCII characters
Result: NOTE
Note: found 10051 marked UTF-8 strings
Note: found 10523 strings marked as "bytes"
Flavors: r-patched-solaris-sparc, r-patched-solaris-x86, r-release-osx-x86_64-mavericks, r-oldrel-windows-ix86+x86_64