CRAN Package Check Results for Package tidyr

Last updated on 2016-12-28 23:47:40.

Flavor Version Tinstall Tcheck Ttotal Status Flags
r-devel-linux-x86_64-debian-clang 0.6.0 15.26 24.20 39.46 OK
r-devel-linux-x86_64-debian-gcc 0.6.0 16.39 24.18 40.57 OK
r-devel-linux-x86_64-fedora-clang 0.6.0 79.16 NOTE --no-stop-on-test-error
r-devel-linux-x86_64-fedora-gcc 0.6.0 75.58 NOTE --no-stop-on-test-error
r-devel-macos-x86_64-clang 0.6.0 55.11 NOTE --no-stop-on-test-error
r-devel-windows-ix86+x86_64 0.6.0 71.00 87.00 158.00 OK
r-patched-linux-x86_64 0.6.0 13.57 19.94 33.51 OK
r-patched-solaris-sparc 0.6.0 365.20 NOTE
r-patched-solaris-x86 0.6.0 75.70 NOTE
r-release-linux-x86_64 0.6.0 13.95 20.17 34.12 OK
r-release-osx-x86_64-mavericks 0.6.0 NOTE
r-release-windows-ix86+x86_64 0.6.0 72.00 46.00 118.00 OK
r-oldrel-windows-ix86+x86_64 0.6.0 46.00 50.00 96.00 NOTE

Check Details

Version: 0.6.0
Flags: --no-stop-on-test-error
Check: data for non-ASCII characters
Result: NOTE
     Note: found 23 marked UTF-8 strings
Flavors: r-devel-linux-x86_64-fedora-clang, r-devel-linux-x86_64-fedora-gcc, r-devel-macos-x86_64-clang

Version: 0.6.0
Check: data for non-ASCII characters
Result: NOTE
     Note: found 23 marked UTF-8 strings
Flavors: r-patched-solaris-sparc, r-patched-solaris-x86, r-release-osx-x86_64-mavericks, r-oldrel-windows-ix86+x86_64