Last updated on 2016-12-28 23:47:41.
Flavor | Version | Tinstall | Tcheck | Ttotal | Status | Flags |
---|---|---|---|---|---|---|
r-devel-linux-x86_64-debian-clang | 0.2-4 | 4.95 | 158.79 | 163.74 | NOTE | |
r-devel-linux-x86_64-debian-gcc | 0.2-4 | 5.04 | 158.18 | 163.22 | NOTE | |
r-devel-linux-x86_64-fedora-clang | 0.2-4 | 254.83 | NOTE | --no-stop-on-test-error | ||
r-devel-linux-x86_64-fedora-gcc | 0.2-4 | 254.95 | NOTE | --no-stop-on-test-error | ||
r-devel-macos-x86_64-clang | 0.2-4 | 111.29 | NOTE | --no-stop-on-test-error | ||
r-devel-windows-ix86+x86_64 | 0.2-4 | 32.00 | 259.00 | 291.00 | OK | |
r-patched-linux-x86_64 | 0.2-4 | 4.65 | 154.08 | 158.73 | NOTE | |
r-patched-solaris-sparc | 0.2-4 | 1302.90 | OK | |||
r-patched-solaris-x86 | 0.2-4 | 287.70 | OK | |||
r-release-linux-x86_64 | 0.2-4 | 4.52 | 153.72 | 158.25 | NOTE | |
r-release-osx-x86_64-mavericks | 0.2-4 | NOTE | ||||
r-release-windows-ix86+x86_64 | 0.2-4 | 32.00 | 183.00 | 215.00 | OK | |
r-oldrel-windows-ix86+x86_64 | 0.2-4 | 26.00 | 399.00 | 425.00 | OK |
Version: 0.2-4
Check: package dependencies
Result: NOTE
Package suggested but not available for checking: ‘corpus.JSS.papers’
Flavors: r-devel-linux-x86_64-debian-clang, r-devel-linux-x86_64-debian-gcc, r-patched-linux-x86_64, r-release-linux-x86_64, r-release-osx-x86_64-mavericks
Version: 0.2-4
Flags: --no-stop-on-test-error
Check: package dependencies
Result: NOTE
Package suggested but not available for checking: ‘corpus.JSS.papers’
Flavors: r-devel-linux-x86_64-fedora-clang, r-devel-linux-x86_64-fedora-gcc, r-devel-macos-x86_64-clang