CRAN Package Check Results for Package trajectories

Last updated on 2016-12-28 23:47:41.

Flavor Version Tinstall Tcheck Ttotal Status Flags
r-devel-linux-x86_64-debian-clang 0.1-4 2.31 52.76 55.07 OK
r-devel-linux-x86_64-debian-gcc 0.1-4 2.32 52.18 54.50 OK
r-devel-linux-x86_64-fedora-clang 0.1-4 96.82 OK --no-stop-on-test-error
r-devel-linux-x86_64-fedora-gcc 0.1-4 98.67 OK --no-stop-on-test-error
r-devel-macos-x86_64-clang 0.1-4 75.62 OK --no-stop-on-test-error
r-devel-windows-ix86+x86_64 0.1-4 10.00 107.00 117.00 OK
r-patched-linux-x86_64 0.1-4 1.98 44.39 46.36 OK
r-patched-solaris-sparc 0.1-4 501.00 OK
r-patched-solaris-x86 0.1-4 109.00 OK
r-release-linux-x86_64 0.1-4 1.95 43.80 45.75 OK
r-release-osx-x86_64-mavericks 0.1-4 NOTE
r-release-windows-ix86+x86_64 0.1-4 11.00 84.00 95.00 OK
r-oldrel-windows-ix86+x86_64 0.1-4 7.00 103.00 110.00 OK

Check Details

Version: 0.1-4
Check: package dependencies
Result: NOTE
    Package suggested but not available for checking: ‘OpenStreetMap’
Flavor: r-release-osx-x86_64-mavericks

Version: 0.1-4
Check: dependencies in R code
Result: NOTE
    Invalid MIT-MAGIC-COOKIE-1 key
Flavor: r-release-osx-x86_64-mavericks