CRAN Package Check Results for Package tsbugs

Last updated on 2016-12-28 23:47:41.

Flavor Version Tinstall Tcheck Ttotal Status Flags
r-devel-linux-x86_64-debian-clang 1.2 0.65 12.10 12.75 NOTE
r-devel-linux-x86_64-debian-gcc 1.2 0.62 12.04 12.66 NOTE
r-devel-linux-x86_64-fedora-clang 1.2 20.65 NOTE --no-stop-on-test-error
r-devel-linux-x86_64-fedora-gcc 1.2 19.94 NOTE --no-stop-on-test-error
r-devel-macos-x86_64-clang 1.2 18.58 NOTE --no-stop-on-test-error
r-devel-windows-ix86+x86_64 1.2 4.00 35.00 39.00 NOTE
r-patched-linux-x86_64 1.2 0.74 10.22 10.96 NOTE
r-patched-solaris-sparc 1.2 114.40 NOTE
r-patched-solaris-x86 1.2 26.20 NOTE
r-release-linux-x86_64 1.2 0.56 10.35 10.91 NOTE
r-release-osx-x86_64-mavericks 1.2 NOTE
r-release-windows-ix86+x86_64 1.2 3.00 26.00 29.00 NOTE
r-oldrel-windows-ix86+x86_64 1.2 3.00 34.00 37.00 NOTE

Check Details

Version: 1.2
Check: DESCRIPTION meta-information
Result: NOTE
    Malformed Title field: should not end in a period.
Flavors: r-devel-linux-x86_64-debian-clang, r-devel-linux-x86_64-debian-gcc, r-devel-windows-ix86+x86_64, r-patched-linux-x86_64, r-patched-solaris-sparc, r-patched-solaris-x86, r-release-linux-x86_64, r-release-osx-x86_64-mavericks, r-release-windows-ix86+x86_64, r-oldrel-windows-ix86+x86_64

Version: 1.2
Check: S3 generic/method consistency
Result: NOTE
    Found the following apparent S3 methods exported but not registered:
     print.tsbugs
    See section ‘Registering S3 methods’ in the ‘Writing R Extensions’
    manual.
Flavors: r-devel-linux-x86_64-debian-clang, r-devel-linux-x86_64-debian-gcc, r-patched-linux-x86_64, r-patched-solaris-sparc, r-patched-solaris-x86, r-release-linux-x86_64

Version: 1.2
Check: Rd line widths
Result: NOTE
    Rd file 'ar.bugs.Rd':
     \examples lines wider than 100 characters:
     ar2 <- ar.bugs(y = diff(LH), ar.order = 2, ar.prior = "dunif(-1,1)", var.prior = "dgamma(0.001,0.001)")
    
    Rd file 'rv.bugs.Rd':
     \usage lines wider than 90 characters:
     rv.tol0.prior = "dgamma(0.000001,0.000001)", rv.eps.prior = "dbeta(1, 100)",
     \examples lines wider than 100 characters:
     plot(NULL, type = "n", xlim = tsp(sigma.pn)[1:2], ylim = range(sigma.pn[, 1:95]), main = "sigma_t")
    
    Rd file 'sv.bugs.Rd':
     \examples lines wider than 100 characters:
     plot(NULL, type = "n", xlim = tsp(sigma.pn)[1:2], ylim = range(sigma.pn[, 1:95]), main = "sigma_t")
    
    These lines will be truncated in the PDF manual.
Flavors: r-devel-linux-x86_64-debian-clang, r-devel-linux-x86_64-debian-gcc, r-patched-linux-x86_64, r-release-linux-x86_64

Version: 1.2
Flags: --no-stop-on-test-error
Check: DESCRIPTION meta-information
Result: NOTE
    Malformed Title field: should not end in a period.
Flavors: r-devel-linux-x86_64-fedora-clang, r-devel-linux-x86_64-fedora-gcc, r-devel-macos-x86_64-clang

Version: 1.2
Flags: --no-stop-on-test-error
Check: S3 generic/method consistency
Result: NOTE
    Found the following apparent S3 methods exported but not registered:
     print.tsbugs
    See section ‘Registering S3 methods’ in the ‘Writing R Extensions’
    manual.
Flavors: r-devel-linux-x86_64-fedora-clang, r-devel-linux-x86_64-fedora-gcc, r-devel-macos-x86_64-clang

Version: 1.2
Flags: --no-stop-on-test-error
Check: Rd line widths
Result: NOTE
    Rd file 'ar.bugs.Rd':
     \examples lines wider than 100 characters:
     ar2 <- ar.bugs(y = diff(LH), ar.order = 2, ar.prior = "dunif(-1,1)", var.prior = "dgamma(0.001,0.001)")
    
    Rd file 'rv.bugs.Rd':
     \usage lines wider than 90 characters:
     rv.tol0.prior = "dgamma(0.000001,0.000001)", rv.eps.prior = "dbeta(1, 100)",
     \examples lines wider than 100 characters:
     plot(NULL, type = "n", xlim = tsp(sigma.pn)[1:2], ylim = range(sigma.pn[, 1:95]), main = "sigma_t")
    
    Rd file 'sv.bugs.Rd':
     \examples lines wider than 100 characters:
     plot(NULL, type = "n", xlim = tsp(sigma.pn)[1:2], ylim = range(sigma.pn[, 1:95]), main = "sigma_t")
    
    These lines will be truncated in the PDF manual.
Flavors: r-devel-linux-x86_64-fedora-clang, r-devel-linux-x86_64-fedora-gcc