CRAN Package Check Results for Package tscount

Last updated on 2016-12-28 23:47:41.

Flavor Version Tinstall Tcheck Ttotal Status Flags
r-devel-linux-x86_64-debian-clang 1.3.0 3.12 72.77 75.89 ERROR
r-devel-linux-x86_64-debian-gcc 1.3.0 2.98 72.73 75.71 ERROR
r-devel-linux-x86_64-fedora-clang 1.3.0 147.16 ERROR --no-stop-on-test-error
r-devel-linux-x86_64-fedora-gcc 1.3.0 143.22 ERROR --no-stop-on-test-error
r-devel-macos-x86_64-clang 1.3.0 100.97 ERROR --no-stop-on-test-error
r-devel-windows-ix86+x86_64 1.3.0 8.00 123.00 131.00 ERROR
r-patched-linux-x86_64 1.3.0 2.75 65.75 68.50 OK
r-patched-solaris-sparc 1.3.0 722.20 OK
r-patched-solaris-x86 1.3.0 96.30 WARN
r-release-linux-x86_64 1.3.0 2.70 66.65 69.36 OK
r-release-osx-x86_64-mavericks 1.3.0 OK
r-release-windows-ix86+x86_64 1.3.0 10.00 110.00 120.00 OK
r-oldrel-windows-ix86+x86_64 1.3.0 7.00 168.00 175.00 OK

Check Details

Version: 1.3.0
Check: tests
Result: ERROR
     Running ‘test_code.r’ [0s/0s]
    Running the tests in ‘tests/test_code.r’ failed.
    Last 13 lines of output:
     + scoring(fit)
     + }
     + if(interv){
     + interv_test(fit, tau=floor(n/2), delta=0.8, external=FALSE, est_interv=TRUE, ...)
     + interv_detect(fit, taus=floor(0.45*n):ceiling(0.55*n), delta=0.8, B=3, ...)
     + interv_multiple(fit, taus=floor(0.45*n):ceiling(0.55*n), deltas=c(0,1), B=3, final.control_bootstrap=NULL, ...)
     + }
     + return(TRUE)
     + }
     >
     > checkfit(model=list(past_obs=1, past_mean=1), param=list(intercept=2, past_obs=0.4, past_mean=0.3), startestims=TRUE, extended=TRUE)
     Error in tsglm.sim(n = n, param = param, model = model, xreg = xreg, link = link, :
     could not find function "tsglm.sim"
     Calls: checkfit
     Execution halted
Flavors: r-devel-linux-x86_64-debian-clang, r-devel-linux-x86_64-debian-gcc

Version: 1.3.0
Flags: --no-stop-on-test-error
Check: tests
Result: ERROR
     Running ‘test_code.r’
    Running the tests in ‘tests/test_code.r’ failed.
    Last 13 lines of output:
     + scoring(fit)
     + }
     + if(interv){
     + interv_test(fit, tau=floor(n/2), delta=0.8, external=FALSE, est_interv=TRUE, ...)
     + interv_detect(fit, taus=floor(0.45*n):ceiling(0.55*n), delta=0.8, B=3, ...)
     + interv_multiple(fit, taus=floor(0.45*n):ceiling(0.55*n), deltas=c(0,1), B=3, final.control_bootstrap=NULL, ...)
     + }
     + return(TRUE)
     + }
     >
     > checkfit(model=list(past_obs=1, past_mean=1), param=list(intercept=2, past_obs=0.4, past_mean=0.3), startestims=TRUE, extended=TRUE)
     Error in tsglm.sim(n = n, param = param, model = model, xreg = xreg, link = link, :
     could not find function "tsglm.sim"
     Calls: checkfit
     Execution halted
Flavors: r-devel-linux-x86_64-fedora-clang, r-devel-linux-x86_64-fedora-gcc, r-devel-macos-x86_64-clang

Version: 1.3.0
Check: tests
Result: ERROR
     Running 'test_code.r' [0s]
    Running the tests in 'tests/test_code.r' failed.
    Last 13 lines of output:
     + scoring(fit)
     + }
     + if(interv){
     + interv_test(fit, tau=floor(n/2), delta=0.8, external=FALSE, est_interv=TRUE, ...)
     + interv_detect(fit, taus=floor(0.45*n):ceiling(0.55*n), delta=0.8, B=3, ...)
     + interv_multiple(fit, taus=floor(0.45*n):ceiling(0.55*n), deltas=c(0,1), B=3, final.control_bootstrap=NULL, ...)
     + }
     + return(TRUE)
     + }
     >
     > checkfit(model=list(past_obs=1, past_mean=1), param=list(intercept=2, past_obs=0.4, past_mean=0.3), startestims=TRUE, extended=TRUE)
     Error in tsglm.sim(n = n, param = param, model = model, xreg = xreg, link = link, :
     could not find function "tsglm.sim"
     Calls: checkfit
     Execution halted
Flavor: r-devel-windows-ix86+x86_64

Version: 1.3.0
Check: package dependencies
Result: NOTE
    Package suggested but not available for checking: ‘gcmr’
Flavor: r-patched-solaris-x86

Version: 1.3.0
Check: re-building of vignette outputs
Result: WARN
    Error in re-building vignettes:
     ...
    Loading required package: splines
    Loading required package: gamlss.data
    Loading required package: gamlss.dist
    Loading required package: MASS
    Loading required package: nlme
    Loading required package: parallel
     ********** GAMLSS Version 5.0-1 **********
    For more on GAMLSS look at http://www.gamlss.org/
    Type gamlssNews() to see new features/changes/bug fixes.
    
    GAMLSS-RS iteration 1: Global Deviance = 803.7
    GAMLSS-RS iteration 2: Global Deviance = 803.7
    GAMLSS-RS iteration 3: Global Deviance = 803.7
    GAMLSS-RS iteration 1: Global Deviance = 805.6
    GAMLSS-RS iteration 2: Global Deviance = 805.6
    GAMLSS-RS iteration 3: Global Deviance = 805.6
    Loading required package: stats4
    
    Attaching package: 'VGAM'
    
    The following object is masked from 'package:gamlss':
    
     ps
    
    Loading required package: tseries
    Loading required package: quantmod
    Loading required package: xts
    Loading required package: zoo
    
    Attaching package: 'zoo'
    
    The following objects are masked from 'package:base':
    
     as.Date, as.Date.numeric
    
    Loading required package: TTR
    
    Attaching package: 'TTR'
    
    The following object is masked from 'package:gamlss.dist':
    
     DPO
    
    Version 0.4-0 included new data defaults. See ?getSymbols.
    Warning in vglm.fitter(x = x, y = y, w = w, offset = offset, Xm2 = Xm2, :
     iterations terminated because half-step sizes are very small
    Warning in vglm.fitter(x = x, y = y, w = w, offset = offset, Xm2 = Xm2, :
     some quantities such as z, residuals, SEs may be inaccurate due to convergence at a half-step
    
    Error: processing vignette 'tsglm.Rnw' failed with diagnostics:
     chunk 40 (label = gcmr-package)
    Error in library("gcmr") : there is no package called 'gcmr'
    Execution halted
Flavor: r-patched-solaris-x86