Last updated on 2016-12-28 23:47:42.
Flavor | Version | Tinstall | Tcheck | Ttotal | Status | Flags |
---|---|---|---|---|---|---|
r-devel-linux-x86_64-debian-clang | 1.0.4 | 0.79 | 10.02 | 10.81 | NOTE | |
r-devel-linux-x86_64-debian-gcc | 1.0.4 | 0.76 | 10.33 | 11.09 | NOTE | |
r-devel-linux-x86_64-fedora-clang | 1.0.4 | 18.15 | NOTE | --no-stop-on-test-error | ||
r-devel-linux-x86_64-fedora-gcc | 1.0.4 | 17.36 | NOTE | --no-stop-on-test-error | ||
r-devel-macos-x86_64-clang | 1.0.4 | 16.21 | NOTE | --no-stop-on-test-error | ||
r-devel-windows-ix86+x86_64 | 1.0.4 | 4.00 | 38.00 | 42.00 | NOTE | |
r-patched-linux-x86_64 | 1.0.4 | 0.70 | 9.17 | 9.87 | NOTE | |
r-patched-solaris-sparc | 1.0.4 | 92.90 | NOTE | |||
r-patched-solaris-x86 | 1.0.4 | 21.10 | NOTE | |||
r-release-linux-x86_64 | 1.0.4 | 0.73 | 9.18 | 9.91 | NOTE | |
r-release-osx-x86_64-mavericks | 1.0.4 | NOTE | ||||
r-release-windows-ix86+x86_64 | 1.0.4 | 4.00 | 24.00 | 28.00 | NOTE | |
r-oldrel-windows-ix86+x86_64 | 1.0.4 | 2.00 | 24.00 | 26.00 | NOTE |
Version: 1.0.4
Check: package dependencies
Result: NOTE
Packages suggested but not available for checking: ‘vaers’ ‘vaersND’
Flavors: r-devel-linux-x86_64-debian-clang, r-devel-linux-x86_64-debian-gcc, r-devel-windows-ix86+x86_64, r-patched-linux-x86_64, r-patched-solaris-sparc, r-patched-solaris-x86, r-release-linux-x86_64, r-release-osx-x86_64-mavericks, r-release-windows-ix86+x86_64, r-oldrel-windows-ix86+x86_64
Version: 1.0.4
Flags: --no-stop-on-test-error
Check: package dependencies
Result: NOTE
Packages suggested but not available for checking: ‘vaers’ ‘vaersND’
Flavors: r-devel-linux-x86_64-fedora-clang, r-devel-linux-x86_64-fedora-gcc, r-devel-macos-x86_64-clang