CRAN Package Check Results for Package water

Last updated on 2016-12-28 23:47:42.

Flavor Version Tinstall Tcheck Ttotal Status Flags
r-devel-linux-x86_64-debian-clang 0.5 4.58 101.99 106.57 OK
r-devel-linux-x86_64-debian-gcc 0.5 4.92 96.44 101.36 OK
r-devel-linux-x86_64-fedora-clang 0.5 198.36 OK --no-stop-on-test-error
r-devel-linux-x86_64-fedora-gcc 0.5 187.58 OK --no-stop-on-test-error
r-devel-macos-x86_64-clang 0.5 147.77 OK --no-stop-on-test-error
r-devel-windows-ix86+x86_64 0.5 16.00 168.00 184.00 WARN
r-patched-linux-x86_64 0.5 4.96 87.16 92.12 OK
r-patched-solaris-sparc 0.5 1056.90 OK
r-patched-solaris-x86 0.5 231.10 OK
r-release-linux-x86_64 0.5 4.92 86.89 91.81 OK
r-release-osx-x86_64-mavericks 0.5 OK
r-release-windows-ix86+x86_64 0.5 14.00 142.00 156.00 OK
r-oldrel-windows-ix86+x86_64 0.5 9.00 157.00 166.00 OK

Check Details

Version: 0.5
Check: files in ‘vignettes’
Result: WARN
    Files in the 'vignettes' directory newer than same file in 'inst/doc':
     'METRIC_advanced.Rmd', 'METRIC_simple.Rmd'
Flavor: r-devel-windows-ix86+x86_64