Last updated on 2016-12-28 23:47:42.
Flavor | Version | Tinstall | Tcheck | Ttotal | Status | Flags |
---|---|---|---|---|---|---|
r-devel-linux-x86_64-debian-clang | 0.1.1 | 1.24 | 74.48 | 75.72 | OK | |
r-devel-linux-x86_64-debian-gcc | 0.1.1 | 1.17 | 67.46 | 68.63 | OK | |
r-devel-linux-x86_64-fedora-clang | 0.1.1 | 82.02 | NOTE | --no-stop-on-test-error | ||
r-devel-linux-x86_64-fedora-gcc | 0.1.1 | 78.29 | NOTE | --no-stop-on-test-error | ||
r-devel-macos-x86_64-clang | 0.1.1 | 85.88 | NOTE | --no-stop-on-test-error | ||
r-devel-windows-ix86+x86_64 | 0.1.1 | 6.00 | 111.00 | 117.00 | OK | |
r-patched-linux-x86_64 | 0.1.1 | 1.02 | 61.26 | 62.27 | OK | |
r-patched-solaris-sparc | 0.1.1 | 518.00 | NOTE | |||
r-patched-solaris-x86 | 0.1.1 | 100.00 | NOTE | |||
r-release-linux-x86_64 | 0.1.1 | 1.28 | 20.92 | 22.19 | ERROR | |
r-release-osx-x86_64-mavericks | 0.1.1 | NOTE | ||||
r-release-windows-ix86+x86_64 | 0.1.1 | 4.00 | 48.00 | 52.00 | OK | |
r-oldrel-windows-ix86+x86_64 | 0.1.1 | 3.00 | 94.00 | 97.00 | NOTE |
Version: 0.1.1
Flags: --no-stop-on-test-error
Check: data for non-ASCII characters
Result: NOTE
Note: found 1371 marked UTF-8 strings
Flavors: r-devel-linux-x86_64-fedora-clang, r-devel-linux-x86_64-fedora-gcc, r-devel-macos-x86_64-clang
Version: 0.1.1
Check: data for non-ASCII characters
Result: NOTE
Note: found 1371 marked UTF-8 strings
Flavors: r-patched-solaris-sparc, r-patched-solaris-x86, r-release-osx-x86_64-mavericks, r-oldrel-windows-ix86+x86_64
Version: 0.1.1
Check: examples
Result: ERROR
Running examples in ‘wbstats-Ex.R’ failed
The error most likely occurred in:
> base::assign(".ptime", proc.time(), pos = "CheckExEnv")
> ### Name: wbcache
> ### Title: Download an updated list of country, indicator, and source
> ### information
> ### Aliases: wbcache
>
> ### ** Examples
>
> # default is english. To specific another language use argument lang
> wbcache(lang = "es")
No encoding supplied: defaulting to UTF-8.
Error in if (n_pages > 1) { : argument is of length zero
Calls: wbcache -> wbcountries -> wbget
Execution halted
Flavor: r-release-linux-x86_64
Version: 0.1.1
Check: re-building of vignette outputs
Result: WARN
Error in re-building vignettes:
...
Quitting from lines 48-52 (Using_the_wbstats_package.Rmd)
Error: processing vignette ‘Using_the_wbstats_package.Rmd’ failed with diagnostics:
argument is of length zero
Execution halted
Flavor: r-release-linux-x86_64