CRAN Package Check Results for Package wesanderson

Last updated on 2016-12-28 23:47:42.

Flavor Version Tinstall Tcheck Ttotal Status Flags
r-devel-linux-x86_64-debian-clang 0.3.2 0.59 10.78 11.37 NOTE
r-devel-linux-x86_64-debian-gcc 0.3.2 0.63 10.35 10.98 NOTE
r-devel-linux-x86_64-fedora-clang 0.3.2 18.02 NOTE --no-stop-on-test-error
r-devel-linux-x86_64-fedora-gcc 0.3.2 16.91 NOTE --no-stop-on-test-error
r-devel-macos-x86_64-clang 0.3.2 16.18 NOTE --no-stop-on-test-error
r-devel-windows-ix86+x86_64 0.3.2 3.00 27.00 30.00 NOTE
r-patched-linux-x86_64 0.3.2 0.53 8.69 9.22 NOTE
r-patched-solaris-sparc 0.3.2 89.40 NOTE
r-patched-solaris-x86 0.3.2 21.40 NOTE
r-release-linux-x86_64 0.3.2 0.56 9.05 9.61 NOTE
r-release-osx-x86_64-mavericks 0.3.2 NOTE
r-release-windows-ix86+x86_64 0.3.2 5.00 27.00 32.00 NOTE
r-oldrel-windows-ix86+x86_64 0.3.2 2.00 44.00 46.00 NOTE

Check Details

Version: 0.3.2
Check: DESCRIPTION meta-information
Result: NOTE
    Malformed Description field: should contain one or more complete sentences.
Flavors: r-devel-linux-x86_64-debian-clang, r-devel-linux-x86_64-debian-gcc, r-devel-windows-ix86+x86_64, r-patched-linux-x86_64, r-patched-solaris-sparc, r-patched-solaris-x86, r-release-linux-x86_64, r-release-osx-x86_64-mavericks, r-release-windows-ix86+x86_64, r-oldrel-windows-ix86+x86_64

Version: 0.3.2
Check: R code for possible problems
Result: NOTE
    print.palette: no visible global function definition for ‘par’
    print.palette: no visible global function definition for ‘image’
    print.palette: no visible global function definition for ‘rect’
    print.palette: no visible global function definition for ‘rgb’
    print.palette: no visible global function definition for ‘text’
    wes_palette: no visible global function definition for
     ‘colorRampPalette’
    Undefined global functions or variables:
     colorRampPalette image par rect rgb text
    Consider adding
     importFrom("grDevices", "colorRampPalette", "rgb")
     importFrom("graphics", "image", "par", "rect", "text")
    to your NAMESPACE file.
Flavors: r-devel-linux-x86_64-debian-clang, r-devel-linux-x86_64-debian-gcc, r-devel-windows-ix86+x86_64, r-patched-linux-x86_64, r-patched-solaris-sparc, r-patched-solaris-x86, r-release-linux-x86_64, r-release-osx-x86_64-mavericks, r-release-windows-ix86+x86_64

Version: 0.3.2
Flags: --no-stop-on-test-error
Check: DESCRIPTION meta-information
Result: NOTE
    Malformed Description field: should contain one or more complete sentences.
Flavors: r-devel-linux-x86_64-fedora-clang, r-devel-linux-x86_64-fedora-gcc, r-devel-macos-x86_64-clang

Version: 0.3.2
Flags: --no-stop-on-test-error
Check: R code for possible problems
Result: NOTE
    print.palette: no visible global function definition for ‘par’
    print.palette: no visible global function definition for ‘image’
    print.palette: no visible global function definition for ‘rect’
    print.palette: no visible global function definition for ‘rgb’
    print.palette: no visible global function definition for ‘text’
    wes_palette: no visible global function definition for
     ‘colorRampPalette’
    Undefined global functions or variables:
     colorRampPalette image par rect rgb text
    Consider adding
     importFrom("grDevices", "colorRampPalette", "rgb")
     importFrom("graphics", "image", "par", "rect", "text")
    to your NAMESPACE file.
Flavors: r-devel-linux-x86_64-fedora-clang, r-devel-linux-x86_64-fedora-gcc, r-devel-macos-x86_64-clang