Last updated on 2017-02-24 23:52:14.
Flavor | Version | Tinstall | Tcheck | Ttotal | Status | Flags |
---|---|---|---|---|---|---|
r-devel-linux-x86_64-debian-clang | 1.0.4 | 5.74 | 44.04 | 49.78 | NOTE | |
r-devel-linux-x86_64-debian-gcc | 1.0.4 | 5.36 | 47.78 | 53.14 | NOTE | |
r-devel-linux-x86_64-fedora-clang | 1.0.4 | 92.21 | NOTE | --no-stop-on-test-error | ||
r-devel-linux-x86_64-fedora-gcc | 1.0.4 | 110.54 | NOTE | --no-stop-on-test-error | ||
r-devel-macos-x86_64-clang | 1.0.4 | 78.73 | NOTE | --no-stop-on-test-error | ||
r-devel-windows-ix86+x86_64 | 1.0.4 | 55.00 | 156.00 | 211.00 | OK | |
r-patched-linux-x86_64 | 1.0.4 | 5.22 | 41.91 | 47.12 | OK | |
r-patched-solaris-sparc | 1.0.4 | 539.60 | OK | |||
r-patched-solaris-x86 | 1.0.4 | 127.80 | OK | |||
r-release-linux-x86_64 | 1.0.4 | 5.07 | 40.40 | 45.47 | OK | |
r-release-osx-x86_64-mavericks | 1.0.4 | NOTE | ||||
r-release-windows-ix86+x86_64 | 1.0.4 | 35.00 | 124.00 | 159.00 | OK | |
r-oldrel-windows-ix86+x86_64 | 1.0.4 | 33.00 | 154.00 | 187.00 | OK |
Version: 1.0.4
Check: compiled code
Result: NOTE
File ‘ACDm/libs/ACDm.so’:
Found no calls to: ‘R_registerRoutines’, ‘R_useDynamicSymbols’
It is good practice to register native routines and to disable symbol
search.
See ‘Writing portable packages’ in the ‘Writing R Extensions’ manual.
Flavors: r-devel-linux-x86_64-debian-clang, r-devel-linux-x86_64-debian-gcc
Version: 1.0.4
Flags: --no-stop-on-test-error
Check: compiled code
Result: NOTE
File ‘ACDm/libs/ACDm.so’:
Found no calls to: ‘R_registerRoutines’, ‘R_useDynamicSymbols’
It is good practice to register native routines and to disable symbol
search.
See ‘Writing portable packages’ in the ‘Writing R Extensions’ manual.
Flavors: r-devel-linux-x86_64-fedora-clang, r-devel-linux-x86_64-fedora-gcc, r-devel-macos-x86_64-clang
Version: 1.0.4
Check: dependencies in R code
Result: NOTE
Invalid MIT-MAGIC-COOKIE-1 key
Flavor: r-release-osx-x86_64-mavericks