Last updated on 2017-02-24 23:52:14.
Flavor | Version | Tinstall | Tcheck | Ttotal | Status | Flags |
---|---|---|---|---|---|---|
r-devel-linux-x86_64-debian-clang | 1.7.1 | 42.70 | 27.87 | 70.57 | NOTE | |
r-devel-linux-x86_64-debian-gcc | 1.7.1 | 43.17 | 26.82 | 69.99 | NOTE | |
r-devel-linux-x86_64-fedora-clang | 1.7.1 | 131.49 | NOTE | --no-stop-on-test-error | ||
r-devel-linux-x86_64-fedora-gcc | 1.7.1 | 156.69 | NOTE | --no-stop-on-test-error | ||
r-devel-macos-x86_64-clang | 1.7.1 | 91.66 | NOTE | --no-stop-on-test-error | ||
r-devel-windows-ix86+x86_64 | 1.7.1 | 196.00 | 63.00 | 259.00 | OK | |
r-patched-linux-x86_64 | 1.7.1 | 37.09 | 26.14 | 63.23 | OK | |
r-patched-solaris-sparc | 1.7.1 | 641.10 | OK | |||
r-patched-solaris-x86 | 1.7.1 | 126.90 | OK | |||
r-release-linux-x86_64 | 1.7.1 | 36.61 | 22.29 | 58.90 | OK | |
r-release-osx-x86_64-mavericks | 1.7.1 | OK | ||||
r-release-windows-ix86+x86_64 | 1.7.1 | 144.00 | 77.00 | 221.00 | WARN | |
r-oldrel-windows-ix86+x86_64 | 1.7.1 | 170.00 | 112.00 | 282.00 | WARN |
Version: 1.7.1
Check: compiled code
Result: NOTE
File ‘ACEt/libs/ACEt.so’:
Found no calls to: ‘R_registerRoutines’, ‘R_useDynamicSymbols’
It is good practice to register native routines and to disable symbol
search.
See ‘Writing portable packages’ in the ‘Writing R Extensions’ manual.
Flavors: r-devel-linux-x86_64-debian-clang, r-devel-linux-x86_64-debian-gcc
Version: 1.7.1
Flags: --no-stop-on-test-error
Check: compiled code
Result: NOTE
File ‘ACEt/libs/ACEt.so’:
Found no calls to: ‘R_registerRoutines’, ‘R_useDynamicSymbols’
It is good practice to register native routines and to disable symbol
search.
See ‘Writing portable packages’ in the ‘Writing R Extensions’ manual.
Flavors: r-devel-linux-x86_64-fedora-clang, r-devel-linux-x86_64-fedora-gcc, r-devel-macos-x86_64-clang
Version: 1.7.1
Flags: --no-stop-on-test-error
Check: installed package size
Result: NOTE
installed size is 5.9Mb
sub-directories of 1Mb or more:
libs 5.6Mb
Flavor: r-devel-linux-x86_64-fedora-gcc
Version: 1.7.1
Check: whether package can be installed
Result: WARN
Found the following significant warnings:
Warning: D:/temp/RtmpG0Me9b/R.INSTALL46207f3a60b2/ACEt/man/ACEt-package.Rd:1: All text must be in a section
Flavor: r-release-windows-ix86+x86_64
Version: 1.7.1
Check: Rd files
Result: WARN
prepare_Rd: ACEt-package.Rd:1: All text must be in a section
Flavors: r-release-windows-ix86+x86_64, r-oldrel-windows-ix86+x86_64
Version: 1.7.1
Check: whether package can be installed
Result: WARN
Found the following significant warnings:
Warning: D:/temp/RtmpWCPfwn/R.INSTALL3a744cc2233f/ACEt/man/ACEt-package.Rd:1: All text must be in a section
Flavor: r-oldrel-windows-ix86+x86_64