CRAN Package Check Results for Package ActuDistns

Last updated on 2017-02-24 23:52:14.

Flavor Version Tinstall Tcheck Ttotal Status Flags
r-devel-linux-x86_64-debian-clang 3.0 1.85 25.68 27.53 ERROR
r-devel-linux-x86_64-debian-gcc 3.0 1.97 25.74 27.71 ERROR
r-devel-linux-x86_64-fedora-clang 3.0 48.77 ERROR --no-stop-on-test-error
r-devel-linux-x86_64-fedora-gcc 3.0 57.76 ERROR --no-stop-on-test-error
r-devel-macos-x86_64-clang 3.0 43.40 ERROR --no-stop-on-test-error
r-devel-windows-ix86+x86_64 3.0 19.00 85.00 104.00 ERROR
r-patched-linux-x86_64 3.0 1.73 23.39 25.12 ERROR
r-patched-solaris-sparc 3.0 286.90 ERROR
r-patched-solaris-x86 3.0 54.60 ERROR
r-release-linux-x86_64 3.0 1.66 24.06 25.72 ERROR
r-release-osx-x86_64-mavericks 3.0 NOTE
r-release-windows-ix86+x86_64 3.0 13.00 69.00 82.00 ERROR
r-oldrel-windows-ix86+x86_64 3.0 21.00 73.00 94.00 NOTE

Check Details

Version: 3.0
Check: DESCRIPTION meta-information
Result: NOTE
    Malformed Description field: should contain one or more complete sentences.
Flavors: r-devel-linux-x86_64-debian-clang, r-devel-linux-x86_64-debian-gcc, r-devel-windows-ix86+x86_64, r-patched-linux-x86_64, r-patched-solaris-sparc, r-patched-solaris-x86, r-release-linux-x86_64, r-release-osx-x86_64-mavericks, r-release-windows-ix86+x86_64, r-oldrel-windows-ix86+x86_64

Version: 3.0
Check: dependencies in R code
Result: NOTE
    Packages in Depends field not imported from:
     ‘actuar’ ‘hypergeo’ ‘reliaR’
     These packages need to be imported from (in the NAMESPACE file)
     for when this namespace is loaded but not attached.
Flavors: r-devel-linux-x86_64-debian-clang, r-devel-linux-x86_64-debian-gcc, r-devel-windows-ix86+x86_64, r-patched-linux-x86_64, r-patched-solaris-sparc, r-patched-solaris-x86, r-release-linux-x86_64, r-release-osx-x86_64-mavericks, r-release-windows-ix86+x86_64, r-oldrel-windows-ix86+x86_64

Version: 3.0
Check: R code for possible problems
Result: NOTE
    dburrx: no visible global function definition for ‘dburrX’
    dee: no visible global function definition for ‘dgen.exp’
    del: no visible global function definition for ‘dexpo.logistic’
    dew: no visible global function definition for ‘dexpo.weibull’
    dgumbeld: no visible global function definition for ‘dgumbel’
    dige: no visible global function definition for ‘dinv.genexp’
    dle: no visible global function definition for ‘dlogis.exp’
    dlgammad: no visible global function definition for ‘dlgamma’
    dlr: no visible global function definition for ‘dlogis.rayleigh’
    hbeta: no visible global function definition for ‘dbeta’
    hbeta: no visible global function definition for ‘pbeta’
    hburrx: no visible global function definition for ‘dburrX’
    hburrx: no visible global function definition for ‘pburrX’
    hee: no visible global function definition for ‘dgen.exp’
    hee: no visible global function definition for ‘pgen.exp’
    hel: no visible global function definition for ‘dexpo.logistic’
    hel: no visible global function definition for ‘pexpo.logistic’
    hew: no visible global function definition for ‘dexpo.weibull’
    hew: no visible global function definition for ‘pexpo.weibull’
    hgamma: no visible global function definition for ‘dgamma’
    hgamma: no visible global function definition for ‘pgamma’
    hgenF: no visible global function definition for ‘pbeta’
    hgengamma: no visible global function definition for ‘pgamma’
    hgumbel: no visible global function definition for ‘dgumbel’
    hgumbel: no visible global function definition for ‘pgumbel’
    hige: no visible global function definition for ‘dinv.genexp’
    hige: no visible global function definition for ‘pinv.genexp’
    hinvgauss: no visible global function definition for ‘pnorm’
    hle: no visible global function definition for ‘dlogis.exp’
    hle: no visible global function definition for ‘plogis.exp’
    hlgamma: no visible global function definition for ‘dlgamma’
    hlgamma: no visible global function definition for ‘plgamma’
    hlognormal: no visible global function definition for ‘dlnorm’
    hlognormal: no visible global function definition for ‘plnorm’
    hlr: no visible global function definition for ‘dlogis.rayleigh’
    hlr: no visible global function definition for ‘plogis.rayleigh’
    hnormal: no visible global function definition for ‘dnorm’
    hnormal: no visible global function definition for ‘pnorm’
    ibeta: no visible global function definition for ‘pbeta’
    iburrx: no visible global function definition for ‘pburrX’
    iee: no visible global function definition for ‘pgen.exp’
    iel: no visible global function definition for ‘pexpo.logistic’
    iew: no visible global function definition for ‘pexpo.weibull’
    igamma: no visible global function definition for ‘pgamma’
    igenF: no visible global function definition for ‘pbeta’
    igengamma: no visible global function definition for ‘pgamma’
    igumbel: no visible global function definition for ‘pgumbel’
    iige: no visible global function definition for ‘pinv.genexp’
    iinvgauss: no visible global function definition for ‘pnorm’
    ilai: no visible global function definition for ‘genhypergeo’
    ile: no visible global function definition for ‘plogis.exp’
    ilgamma: no visible global function definition for ‘plgamma’
    ilognormal: no visible global function definition for ‘plnorm’
    ilr: no visible global function definition for ‘plogis.rayleigh’
    inormal: no visible global function definition for ‘pnorm’
    qaddweibull: no visible global function definition for ‘uniroot’
    qbetad: no visible global function definition for ‘qbeta’
    qbetad: no visible global function definition for ‘pbeta’
    qburrx: no visible global function definition for ‘qburrX’
    qburrx: no visible global function definition for ‘pburrX’
    qee: no visible global function definition for ‘qgen.exp’
    qee: no visible global function definition for ‘pgen.exp’
    qel: no visible global function definition for ‘qexpo.logistic’
    qel: no visible global function definition for ‘pexpo.logistic’
    qew: no visible global function definition for ‘qexpo.weibull’
    qew: no visible global function definition for ‘pexpo.weibull’
    qgammad: no visible global function definition for ‘qgamma’
    qgammad: no visible global function definition for ‘pgamma’
    qgenF: no visible global function definition for ‘qbeta’
    qgenF: no visible global function definition for ‘pbeta’
    qgengammad: no visible global function definition for ‘qgamma’
    qgengammad: no visible global function definition for ‘pgamma’
    qgumbeld: no visible global function definition for ‘qgumbel’
    qgumbeld: no visible global function definition for ‘pgumbel’
    qhjorth: no visible global function definition for ‘uniroot’
    qige: no visible global function definition for ‘qinv.genexp’
    qige: no visible global function definition for ‘pinv.genexp’
    qinversegaussian : ff: no visible global function definition for
     ‘pnorm’
    qinversegaussian: no visible global function definition for ‘uniroot’
    qlai : ff: no visible global function definition for ‘genhypergeo’
    qlai: no visible global function definition for ‘uniroot’
    qle: no visible global function definition for ‘qlogis.exp’
    qle: no visible global function definition for ‘plogis.exp’
    qlgammad: no visible global function definition for ‘qlgamma’
    qlgammad: no visible global function definition for ‘plgamma’
    qlognormal: no visible global function definition for ‘qnorm’
    qlognormal: no visible global function definition for ‘pnorm’
    qlr: no visible global function definition for ‘qlogis.rayleigh’
    qlr: no visible global function definition for ‘plogis.rayleigh’
    qnormal: no visible global function definition for ‘qnorm’
    qnormal: no visible global function definition for ‘pnorm’
    Undefined global functions or variables:
     dbeta dburrX dexpo.logistic dexpo.weibull dgamma dgen.exp dgumbel
     dinv.genexp dlgamma dlnorm dlogis.exp dlogis.rayleigh dnorm
     genhypergeo pbeta pburrX pexpo.logistic pexpo.weibull pgamma pgen.exp
     pgumbel pinv.genexp plgamma plnorm plogis.exp plogis.rayleigh pnorm
     qbeta qburrX qexpo.logistic qexpo.weibull qgamma qgen.exp qgumbel
     qinv.genexp qlgamma qlogis.exp qlogis.rayleigh qnorm uniroot
    Consider adding
     importFrom("stats", "dbeta", "dgamma", "dlnorm", "dnorm", "pbeta",
     "pgamma", "plnorm", "pnorm", "qbeta", "qgamma", "qnorm",
     "uniroot")
    to your NAMESPACE file.
Flavors: r-devel-linux-x86_64-debian-clang, r-devel-linux-x86_64-debian-gcc, r-devel-windows-ix86+x86_64, r-patched-linux-x86_64, r-patched-solaris-sparc, r-patched-solaris-x86, r-release-linux-x86_64, r-release-osx-x86_64-mavericks, r-release-windows-ix86+x86_64

Version: 3.0
Check: examples
Result: ERROR
    Running examples in ‘ActuDistns-Ex.R’ failed
    The error most likely occurred in:
    
    > base::assign(".ptime", proc.time(), pos = "CheckExEnv")
    > ### Name: dgumbeld
    > ### Title: Gumbel pdf
    > ### Aliases: dgumbeld
    > ### Keywords: Gumbel distribution
    >
    > ### ** Examples
    > x=runif(10,min=0,max=1)
    > y=dgumbeld(x)
    Error in dgumbel(x, mu = mu, sigma = sigma) :
     unused arguments (mu = mu, sigma = sigma)
    Calls: dgumbeld -> ifelse
    Execution halted
Flavors: r-devel-linux-x86_64-debian-clang, r-devel-linux-x86_64-debian-gcc

Version: 3.0
Flags: --no-stop-on-test-error
Check: DESCRIPTION meta-information
Result: NOTE
    Malformed Description field: should contain one or more complete sentences.
Flavors: r-devel-linux-x86_64-fedora-clang, r-devel-linux-x86_64-fedora-gcc, r-devel-macos-x86_64-clang

Version: 3.0
Flags: --no-stop-on-test-error
Check: dependencies in R code
Result: NOTE
    Packages in Depends field not imported from:
     ‘actuar’ ‘hypergeo’ ‘reliaR’
     These packages need to be imported from (in the NAMESPACE file)
     for when this namespace is loaded but not attached.
Flavors: r-devel-linux-x86_64-fedora-clang, r-devel-linux-x86_64-fedora-gcc, r-devel-macos-x86_64-clang

Version: 3.0
Flags: --no-stop-on-test-error
Check: R code for possible problems
Result: NOTE
    dburrx: no visible global function definition for ‘dburrX’
    dee: no visible global function definition for ‘dgen.exp’
    del: no visible global function definition for ‘dexpo.logistic’
    dew: no visible global function definition for ‘dexpo.weibull’
    dgumbeld: no visible global function definition for ‘dgumbel’
    dige: no visible global function definition for ‘dinv.genexp’
    dle: no visible global function definition for ‘dlogis.exp’
    dlgammad: no visible global function definition for ‘dlgamma’
    dlr: no visible global function definition for ‘dlogis.rayleigh’
    hbeta: no visible global function definition for ‘dbeta’
    hbeta: no visible global function definition for ‘pbeta’
    hburrx: no visible global function definition for ‘dburrX’
    hburrx: no visible global function definition for ‘pburrX’
    hee: no visible global function definition for ‘dgen.exp’
    hee: no visible global function definition for ‘pgen.exp’
    hel: no visible global function definition for ‘dexpo.logistic’
    hel: no visible global function definition for ‘pexpo.logistic’
    hew: no visible global function definition for ‘dexpo.weibull’
    hew: no visible global function definition for ‘pexpo.weibull’
    hgamma: no visible global function definition for ‘dgamma’
    hgamma: no visible global function definition for ‘pgamma’
    hgenF: no visible global function definition for ‘pbeta’
    hgengamma: no visible global function definition for ‘pgamma’
    hgumbel: no visible global function definition for ‘dgumbel’
    hgumbel: no visible global function definition for ‘pgumbel’
    hige: no visible global function definition for ‘dinv.genexp’
    hige: no visible global function definition for ‘pinv.genexp’
    hinvgauss: no visible global function definition for ‘pnorm’
    hle: no visible global function definition for ‘dlogis.exp’
    hle: no visible global function definition for ‘plogis.exp’
    hlgamma: no visible global function definition for ‘dlgamma’
    hlgamma: no visible global function definition for ‘plgamma’
    hlognormal: no visible global function definition for ‘dlnorm’
    hlognormal: no visible global function definition for ‘plnorm’
    hlr: no visible global function definition for ‘dlogis.rayleigh’
    hlr: no visible global function definition for ‘plogis.rayleigh’
    hnormal: no visible global function definition for ‘dnorm’
    hnormal: no visible global function definition for ‘pnorm’
    ibeta: no visible global function definition for ‘pbeta’
    iburrx: no visible global function definition for ‘pburrX’
    iee: no visible global function definition for ‘pgen.exp’
    iel: no visible global function definition for ‘pexpo.logistic’
    iew: no visible global function definition for ‘pexpo.weibull’
    igamma: no visible global function definition for ‘pgamma’
    igenF: no visible global function definition for ‘pbeta’
    igengamma: no visible global function definition for ‘pgamma’
    igumbel: no visible global function definition for ‘pgumbel’
    iige: no visible global function definition for ‘pinv.genexp’
    iinvgauss: no visible global function definition for ‘pnorm’
    ilai: no visible global function definition for ‘genhypergeo’
    ile: no visible global function definition for ‘plogis.exp’
    ilgamma: no visible global function definition for ‘plgamma’
    ilognormal: no visible global function definition for ‘plnorm’
    ilr: no visible global function definition for ‘plogis.rayleigh’
    inormal: no visible global function definition for ‘pnorm’
    qaddweibull: no visible global function definition for ‘uniroot’
    qbetad: no visible global function definition for ‘qbeta’
    qbetad: no visible global function definition for ‘pbeta’
    qburrx: no visible global function definition for ‘qburrX’
    qburrx: no visible global function definition for ‘pburrX’
    qee: no visible global function definition for ‘qgen.exp’
    qee: no visible global function definition for ‘pgen.exp’
    qel: no visible global function definition for ‘qexpo.logistic’
    qel: no visible global function definition for ‘pexpo.logistic’
    qew: no visible global function definition for ‘qexpo.weibull’
    qew: no visible global function definition for ‘pexpo.weibull’
    qgammad: no visible global function definition for ‘qgamma’
    qgammad: no visible global function definition for ‘pgamma’
    qgenF: no visible global function definition for ‘qbeta’
    qgenF: no visible global function definition for ‘pbeta’
    qgengammad: no visible global function definition for ‘qgamma’
    qgengammad: no visible global function definition for ‘pgamma’
    qgumbeld: no visible global function definition for ‘qgumbel’
    qgumbeld: no visible global function definition for ‘pgumbel’
    qhjorth: no visible global function definition for ‘uniroot’
    qige: no visible global function definition for ‘qinv.genexp’
    qige: no visible global function definition for ‘pinv.genexp’
    qinversegaussian : ff: no visible global function definition for
     ‘pnorm’
    qinversegaussian: no visible global function definition for ‘uniroot’
    qlai : ff: no visible global function definition for ‘genhypergeo’
    qlai: no visible global function definition for ‘uniroot’
    qle: no visible global function definition for ‘qlogis.exp’
    qle: no visible global function definition for ‘plogis.exp’
    qlgammad: no visible global function definition for ‘qlgamma’
    qlgammad: no visible global function definition for ‘plgamma’
    qlognormal: no visible global function definition for ‘qnorm’
    qlognormal: no visible global function definition for ‘pnorm’
    qlr: no visible global function definition for ‘qlogis.rayleigh’
    qlr: no visible global function definition for ‘plogis.rayleigh’
    qnormal: no visible global function definition for ‘qnorm’
    qnormal: no visible global function definition for ‘pnorm’
    Undefined global functions or variables:
     dbeta dburrX dexpo.logistic dexpo.weibull dgamma dgen.exp dgumbel
     dinv.genexp dlgamma dlnorm dlogis.exp dlogis.rayleigh dnorm
     genhypergeo pbeta pburrX pexpo.logistic pexpo.weibull pgamma pgen.exp
     pgumbel pinv.genexp plgamma plnorm plogis.exp plogis.rayleigh pnorm
     qbeta qburrX qexpo.logistic qexpo.weibull qgamma qgen.exp qgumbel
     qinv.genexp qlgamma qlogis.exp qlogis.rayleigh qnorm uniroot
    Consider adding
     importFrom("stats", "dbeta", "dgamma", "dlnorm", "dnorm", "pbeta",
     "pgamma", "plnorm", "pnorm", "qbeta", "qgamma", "qnorm",
     "uniroot")
    to your NAMESPACE file.
Flavors: r-devel-linux-x86_64-fedora-clang, r-devel-linux-x86_64-fedora-gcc, r-devel-macos-x86_64-clang

Version: 3.0
Flags: --no-stop-on-test-error
Check: examples
Result: ERROR
    Running examples in ‘ActuDistns-Ex.R’ failed
    The error most likely occurred in:
    
    > ### Name: dgumbeld
    > ### Title: Gumbel pdf
    > ### Aliases: dgumbeld
    > ### Keywords: Gumbel distribution
    >
    > ### ** Examples
    > x=runif(10,min=0,max=1)
    > y=dgumbeld(x)
    Error in dgumbel(x, mu = mu, sigma = sigma) :
     unused arguments (mu = mu, sigma = sigma)
    Calls: dgumbeld -> ifelse
    Execution halted
Flavors: r-devel-linux-x86_64-fedora-clang, r-devel-linux-x86_64-fedora-gcc, r-devel-macos-x86_64-clang

Version: 3.0
Check: examples
Result: ERROR
    Running examples in 'ActuDistns-Ex.R' failed
    The error most likely occurred in:
    
    > ### Name: dgumbeld
    > ### Title: Gumbel pdf
    > ### Aliases: dgumbeld
    > ### Keywords: Gumbel distribution
    >
    > ### ** Examples
    > x=runif(10,min=0,max=1)
    > y=dgumbeld(x)
    Error in dgumbel(x, mu = mu, sigma = sigma) :
     unused arguments (mu = mu, sigma = sigma)
    Calls: dgumbeld -> ifelse
    Execution halted
Flavor: r-devel-windows-ix86+x86_64

Version: 3.0
Check: examples
Result: ERROR
    Running examples in ‘ActuDistns-Ex.R’ failed
    The error most likely occurred in:
    
    > base::assign(".ptime", proc.time(), pos = "CheckExEnv")
    > ### Name: dgumbeld
    > ### Title: Gumbel pdf
    > ### Aliases: dgumbeld
    > ### Keywords: Gumbel distribution
    >
    > ### ** Examples
    > x=runif(10,min=0,max=1)
    > y=dgumbeld(x)
    Error in dgumbel(x, mu = mu, sigma = sigma) :
     unused arguments (mu = mu, sigma = sigma)
    Calls: dgumbeld -> ifelse -> dgumbel
    Execution halted
Flavors: r-patched-linux-x86_64, r-release-linux-x86_64

Version: 3.0
Check: examples
Result: ERROR
    Running examples in ‘ActuDistns-Ex.R’ failed
    The error most likely occurred in:
    
    > ### Name: dgumbeld
    > ### Title: Gumbel pdf
    > ### Aliases: dgumbeld
    > ### Keywords: Gumbel distribution
    >
    > ### ** Examples
    > x=runif(10,min=0,max=1)
    > y=dgumbeld(x)
    Error in dgumbel(x, mu = mu, sigma = sigma) :
     unused arguments (mu = mu, sigma = sigma)
    Calls: dgumbeld -> ifelse -> dgumbel
    Execution halted
Flavors: r-patched-solaris-sparc, r-patched-solaris-x86, r-release-windows-ix86+x86_64

Version: 3.0
Check: R code for possible problems
Result: NOTE
    dburrx: no visible global function definition for 'dburrX'
    dee: no visible global function definition for 'dgen.exp'
    del: no visible global function definition for 'dexpo.logistic'
    dew: no visible global function definition for 'dexpo.weibull'
    dgumbeld: no visible global function definition for 'dgumbel'
    dige: no visible global function definition for 'dinv.genexp'
    dle: no visible global function definition for 'dlogis.exp'
    dlgammad: no visible global function definition for 'dlgamma'
    dlr: no visible global function definition for 'dlogis.rayleigh'
    hburrx: no visible global function definition for 'dburrX'
    hburrx: no visible global function definition for 'pburrX'
    hee: no visible global function definition for 'dgen.exp'
    hee: no visible global function definition for 'pgen.exp'
    hel: no visible global function definition for 'dexpo.logistic'
    hel: no visible global function definition for 'pexpo.logistic'
    hew: no visible global function definition for 'dexpo.weibull'
    hew: no visible global function definition for 'pexpo.weibull'
    hgumbel: no visible global function definition for 'dgumbel'
    hgumbel: no visible global function definition for 'pgumbel'
    hige: no visible global function definition for 'dinv.genexp'
    hige: no visible global function definition for 'pinv.genexp'
    hle: no visible global function definition for 'dlogis.exp'
    hle: no visible global function definition for 'plogis.exp'
    hlgamma: no visible global function definition for 'dlgamma'
    hlgamma: no visible global function definition for 'plgamma'
    hlr: no visible global function definition for 'dlogis.rayleigh'
    hlr: no visible global function definition for 'plogis.rayleigh'
    iburrx: no visible global function definition for 'pburrX'
    iee: no visible global function definition for 'pgen.exp'
    iel: no visible global function definition for 'pexpo.logistic'
    iew: no visible global function definition for 'pexpo.weibull'
    igumbel: no visible global function definition for 'pgumbel'
    iige: no visible global function definition for 'pinv.genexp'
    ilai: no visible global function definition for 'genhypergeo'
    ile: no visible global function definition for 'plogis.exp'
    ilgamma: no visible global function definition for 'plgamma'
    ilr: no visible global function definition for 'plogis.rayleigh'
    qburrx: no visible global function definition for 'qburrX'
    qburrx: no visible global function definition for 'pburrX'
    qee: no visible global function definition for 'qgen.exp'
    qee: no visible global function definition for 'pgen.exp'
    qel: no visible global function definition for 'qexpo.logistic'
    qel: no visible global function definition for 'pexpo.logistic'
    qew: no visible global function definition for 'qexpo.weibull'
    qew: no visible global function definition for 'pexpo.weibull'
    qgumbeld: no visible global function definition for 'qgumbel'
    qgumbeld: no visible global function definition for 'pgumbel'
    qige: no visible global function definition for 'qinv.genexp'
    qige: no visible global function definition for 'pinv.genexp'
    qlai : ff: no visible global function definition for 'genhypergeo'
    qle: no visible global function definition for 'qlogis.exp'
    qle: no visible global function definition for 'plogis.exp'
    qlgammad: no visible global function definition for 'qlgamma'
    qlgammad: no visible global function definition for 'plgamma'
    qlr: no visible global function definition for 'qlogis.rayleigh'
    qlr: no visible global function definition for 'plogis.rayleigh'
Flavor: r-oldrel-windows-ix86+x86_64