CRAN Package Check Results for Package AmostraBrasil

Last updated on 2017-02-24 23:52:14.

Flavor Version Tinstall Tcheck Ttotal Status Flags
r-devel-linux-x86_64-debian-clang 1.2 1.73 40.99 42.72 OK
r-devel-linux-x86_64-debian-gcc 1.2 1.54 40.09 41.63 OK
r-devel-linux-x86_64-fedora-clang 1.2 42.91 NOTE --no-stop-on-test-error
r-devel-linux-x86_64-fedora-gcc 1.2 55.24 NOTE --no-stop-on-test-error
r-devel-macos-x86_64-clang 1.2 34.68 NOTE --no-stop-on-test-error
r-devel-windows-ix86+x86_64 1.2 12.00 71.00 83.00 OK
r-patched-linux-x86_64 1.2 1.42 30.42 31.84 OK
r-patched-solaris-sparc 1.2 260.00 NOTE
r-patched-solaris-x86 1.2 82.60 NOTE
r-release-linux-x86_64 1.2 1.53 34.57 36.10 OK
r-release-osx-x86_64-mavericks 1.2 NOTE
r-release-windows-ix86+x86_64 1.2 7.00 56.00 63.00 OK
r-oldrel-windows-ix86+x86_64 1.2 12.00 65.00 77.00 NOTE

Check Details

Version: 1.2
Flags: --no-stop-on-test-error
Check: data for non-ASCII characters
Result: NOTE
     Note: found 2380 marked UTF-8 strings
Flavors: r-devel-linux-x86_64-fedora-clang, r-devel-linux-x86_64-fedora-gcc, r-devel-macos-x86_64-clang

Version: 1.2
Check: data for non-ASCII characters
Result: NOTE
     Note: found 2380 marked UTF-8 strings
Flavors: r-patched-solaris-sparc, r-patched-solaris-x86, r-release-osx-x86_64-mavericks, r-oldrel-windows-ix86+x86_64