CRAN Package Check Results for Package AppliedPredictiveModeling

Last updated on 2017-02-24 23:52:15.

Flavor Version Tinstall Tcheck Ttotal Status Flags
r-devel-linux-x86_64-debian-clang 1.1-6 1.18 19.26 20.44 NOTE
r-devel-linux-x86_64-debian-gcc 1.1-6 1.24 19.11 20.35 NOTE
r-devel-linux-x86_64-fedora-clang 1.1-6 36.74 NOTE --no-stop-on-test-error
r-devel-linux-x86_64-fedora-gcc 1.1-6 46.17 NOTE --no-stop-on-test-error
r-devel-macos-x86_64-clang 1.1-6 31.24 NOTE --no-stop-on-test-error
r-devel-windows-ix86+x86_64 1.1-6 16.00 57.00 73.00 NOTE
r-patched-linux-x86_64 1.1-6 1.15 17.41 18.56 NOTE
r-patched-solaris-sparc 1.1-6 217.00 NOTE
r-patched-solaris-x86 1.1-6 52.80 NOTE
r-release-linux-x86_64 1.1-6 1.10 21.25 22.35 NOTE
r-release-osx-x86_64-mavericks 1.1-6 NOTE
r-release-windows-ix86+x86_64 1.1-6 7.00 38.00 45.00 NOTE
r-oldrel-windows-ix86+x86_64 1.1-6 7.00 100.00 107.00 NOTE

Check Details

Version: 1.1-6
Check: DESCRIPTION meta-information
Result: NOTE
    Malformed Description field: should contain one or more complete sentences.
Flavors: r-devel-linux-x86_64-debian-clang, r-devel-linux-x86_64-debian-gcc, r-devel-windows-ix86+x86_64, r-patched-linux-x86_64, r-patched-solaris-sparc, r-patched-solaris-x86, r-release-linux-x86_64, r-release-osx-x86_64-mavericks, r-release-windows-ix86+x86_64, r-oldrel-windows-ix86+x86_64

Version: 1.1-6
Check: dependencies in R code
Result: NOTE
    'library' or 'require' calls in package code:
     ‘ellipse’ ‘lattice’
     Please use :: or requireNamespace() instead.
     See section 'Suggested packages' in the 'Writing R Extensions' manual.
Flavors: r-devel-linux-x86_64-debian-clang, r-devel-linux-x86_64-debian-gcc, r-devel-windows-ix86+x86_64, r-patched-linux-x86_64, r-patched-solaris-sparc, r-patched-solaris-x86, r-release-linux-x86_64, r-release-osx-x86_64-mavericks, r-release-windows-ix86+x86_64, r-oldrel-windows-ix86+x86_64

Version: 1.1-6
Check: R code for possible problems
Result: NOTE
    bookTheme: no visible global function definition for ‘trellis.par.set’
    easyBoundaryFunc: no visible global function definition for ‘runif’
    getPackages: no visible global function definition for
     ‘install.packages’
    permuteRelief: no visible binding for global variable ‘sd’
    quadBoundaryFunc: no visible global function definition for ‘runif’
    transparentTheme: no visible global function definition for ‘rgb’
    transparentTheme: no visible global function definition for
     ‘trellis.par.set’
    upperp: no visible global function definition for ‘ellipse’
    upperp: no visible global function definition for ‘panel.xyplot’
    upperp: no visible global function definition for ‘trellis.par.get’
    Undefined global functions or variables:
     ellipse install.packages panel.xyplot rgb runif sd trellis.par.get
     trellis.par.set
    Consider adding
     importFrom("grDevices", "rgb")
     importFrom("stats", "runif", "sd")
     importFrom("utils", "install.packages")
    to your NAMESPACE file.
Flavors: r-devel-linux-x86_64-debian-clang, r-devel-linux-x86_64-debian-gcc, r-devel-windows-ix86+x86_64, r-patched-linux-x86_64, r-patched-solaris-sparc, r-patched-solaris-x86, r-release-linux-x86_64, r-release-osx-x86_64-mavericks, r-release-windows-ix86+x86_64

Version: 1.1-6
Flags: --no-stop-on-test-error
Check: DESCRIPTION meta-information
Result: NOTE
    Malformed Description field: should contain one or more complete sentences.
Flavors: r-devel-linux-x86_64-fedora-clang, r-devel-linux-x86_64-fedora-gcc, r-devel-macos-x86_64-clang

Version: 1.1-6
Flags: --no-stop-on-test-error
Check: dependencies in R code
Result: NOTE
    'library' or 'require' calls in package code:
     ‘ellipse’ ‘lattice’
     Please use :: or requireNamespace() instead.
     See section 'Suggested packages' in the 'Writing R Extensions' manual.
Flavors: r-devel-linux-x86_64-fedora-clang, r-devel-linux-x86_64-fedora-gcc, r-devel-macos-x86_64-clang

Version: 1.1-6
Flags: --no-stop-on-test-error
Check: R code for possible problems
Result: NOTE
    bookTheme: no visible global function definition for ‘trellis.par.set’
    easyBoundaryFunc: no visible global function definition for ‘runif’
    getPackages: no visible global function definition for
     ‘install.packages’
    permuteRelief: no visible binding for global variable ‘sd’
    quadBoundaryFunc: no visible global function definition for ‘runif’
    transparentTheme: no visible global function definition for ‘rgb’
    transparentTheme: no visible global function definition for
     ‘trellis.par.set’
    upperp: no visible global function definition for ‘ellipse’
    upperp: no visible global function definition for ‘panel.xyplot’
    upperp: no visible global function definition for ‘trellis.par.get’
    Undefined global functions or variables:
     ellipse install.packages panel.xyplot rgb runif sd trellis.par.get
     trellis.par.set
    Consider adding
     importFrom("grDevices", "rgb")
     importFrom("stats", "runif", "sd")
     importFrom("utils", "install.packages")
    to your NAMESPACE file.
Flavors: r-devel-linux-x86_64-fedora-clang, r-devel-linux-x86_64-fedora-gcc, r-devel-macos-x86_64-clang

Version: 1.1-6
Check: R code for possible problems
Result: NOTE
    bookTheme: no visible global function definition for 'trellis.par.set'
    transparentTheme: no visible global function definition for
     'trellis.par.set'
    upperp: no visible global function definition for 'ellipse'
    upperp: no visible global function definition for 'panel.xyplot'
    upperp: no visible global function definition for 'trellis.par.get'
Flavor: r-oldrel-windows-ix86+x86_64