Last updated on 2017-02-24 23:52:16.
Flavor | Version | Tinstall | Tcheck | Ttotal | Status | Flags |
---|---|---|---|---|---|---|
r-devel-linux-x86_64-debian-clang | 1.0.5 | 1.82 | 26.16 | 27.98 | NOTE | |
r-devel-linux-x86_64-debian-gcc | 1.0.5 | 1.63 | 26.36 | 27.99 | NOTE | |
r-devel-linux-x86_64-fedora-clang | 1.0.5 | 49.39 | NOTE | --no-stop-on-test-error | ||
r-devel-linux-x86_64-fedora-gcc | 1.0.5 | 57.04 | NOTE | --no-stop-on-test-error | ||
r-devel-macos-x86_64-clang | 1.0.5 | 42.45 | NOTE | --no-stop-on-test-error | ||
r-devel-windows-ix86+x86_64 | 1.0.5 | 9.00 | 90.00 | 99.00 | OK | |
r-patched-linux-x86_64 | 1.0.5 | 1.41 | 24.69 | 26.10 | OK | |
r-patched-solaris-sparc | 1.0.5 | 284.90 | OK | |||
r-patched-solaris-x86 | 1.0.5 | 54.10 | OK | |||
r-release-linux-x86_64 | 1.0.5 | 1.60 | 24.47 | 26.07 | OK | |
r-release-osx-x86_64-mavericks | 1.0.5 | OK | ||||
r-release-windows-ix86+x86_64 | 1.0.5 | 19.00 | 58.00 | 77.00 | OK | |
r-oldrel-windows-ix86+x86_64 | 1.0.5 | 26.00 | 53.00 | 79.00 | OK |
Version: 1.0.5
Check: compiled code
Result: NOTE
File ‘BGLR/libs/BGLR.so’:
Found no calls to: ‘R_registerRoutines’, ‘R_useDynamicSymbols’
It is good practice to register native routines and to disable symbol
search.
See ‘Writing portable packages’ in the ‘Writing R Extensions’ manual.
Flavors: r-devel-linux-x86_64-debian-clang, r-devel-linux-x86_64-debian-gcc
Version: 1.0.5
Flags: --no-stop-on-test-error
Check: compiled code
Result: NOTE
File ‘BGLR/libs/BGLR.so’:
Found no calls to: ‘R_registerRoutines’, ‘R_useDynamicSymbols’
It is good practice to register native routines and to disable symbol
search.
See ‘Writing portable packages’ in the ‘Writing R Extensions’ manual.
Flavors: r-devel-linux-x86_64-fedora-clang, r-devel-linux-x86_64-fedora-gcc, r-devel-macos-x86_64-clang