Last updated on 2017-02-24 23:52:17.
Flavor | Version | Tinstall | Tcheck | Ttotal | Status | Flags |
---|---|---|---|---|---|---|
r-devel-linux-x86_64-debian-clang | 0.2.0 | 2.13 | 18.41 | 20.54 | OK | |
r-devel-linux-x86_64-debian-gcc | 0.2.0 | 2.07 | 18.53 | 20.60 | OK | |
r-devel-linux-x86_64-fedora-clang | 0.2.0 | 36.48 | NOTE | --no-stop-on-test-error | ||
r-devel-linux-x86_64-fedora-gcc | 0.2.0 | 45.54 | NOTE | --no-stop-on-test-error | ||
r-devel-macos-x86_64-clang | 0.2.0 | 31.54 | NOTE | --no-stop-on-test-error | ||
r-devel-windows-ix86+x86_64 | 0.2.0 | 11.00 | 37.00 | 48.00 | OK | |
r-patched-linux-x86_64 | 0.2.0 | 2.01 | 16.68 | 18.69 | OK | |
r-patched-solaris-sparc | 0.2.0 | 200.80 | NOTE | |||
r-patched-solaris-x86 | 0.2.0 | 43.40 | NOTE | |||
r-release-linux-x86_64 | 0.2.0 | 1.98 | 16.73 | 18.71 | OK | |
r-release-osx-x86_64-mavericks | 0.2.0 | NOTE | ||||
r-release-windows-ix86+x86_64 | 0.2.0 | 7.00 | 47.00 | 54.00 | OK | |
r-oldrel-windows-ix86+x86_64 | 0.2.0 | 12.00 | 77.00 | 89.00 | NOTE |
Version: 0.2.0
Flags: --no-stop-on-test-error
Check: dependencies in R code
Result: NOTE
Namespace in Imports field not imported from: ‘compiler’
All declared Imports should be used.
Flavors: r-devel-linux-x86_64-fedora-clang, r-devel-linux-x86_64-fedora-gcc, r-devel-macos-x86_64-clang
Version: 0.2.0
Check: dependencies in R code
Result: NOTE
Namespace in Imports field not imported from: ‘compiler’
All declared Imports should be used.
Flavors: r-patched-solaris-sparc, r-patched-solaris-x86, r-release-osx-x86_64-mavericks, r-oldrel-windows-ix86+x86_64